{"id":984,"date":"2025-09-21T12:02:52","date_gmt":"2025-09-21T10:02:52","guid":{"rendered":"https:\/\/roubloff-france.fr\/Roubloff\/?post_type=product&#038;p=984"},"modified":"2025-09-21T12:32:58","modified_gmt":"2025-09-21T10:32:58","slug":"gn33r-5-ovale-pour-polygel-et-design-dongles","status":"publish","type":"product","link":"https:\/\/roubloff-france.fr\/Roubloff\/produit\/gn33r-5-ovale-pour-polygel-et-design-dongles\/","title":{"rendered":"GN33R-5 ovale &#8211; pour polygel et design d\u2019ongles"},"content":{"rendered":"<p>Le pinceau ovale pour polygel et design d\u2019ongles Roubloff GN33R est id\u00e9al pour le modelage au gel et la cr\u00e9ation de motifs en gel. Ce pinceau plat, l\u00e9g\u00e8rement arrondi \u00e0 la pointe, permet d\u2019appliquer le produit au plus pr\u00e8s de la ligne des cuticules.<\/p>\n<p>La touffe de poils est en fibres synth\u00e9tiques brun\u00e2tres, travaill\u00e9es \u00e0 la main. Ce pinceau de manucure, \u00e0 la fois souple et ferme, retient bien le gel lors de l\u2019application sur la plaque de l\u2019ongle. Le mat\u00e9riau s\u2019applique facilement et s\u2019auto-nivelle. \u00c9paisseurs disponibles : n\u00b0 3, 4, 5, 6 et 7. Nous recommandons de choisir plusieurs tailles, ce qui permet de travailler sur diff\u00e9rentes longueurs d\u2019ongles et divers niveaux de complexit\u00e9 des dessins.<\/p>\n<p>La virole en cuivre chrom\u00e9 fixe solidement le manche en bouleau, l\u00e9ger et de couleur rouge vif. La longueur de l\u2019outil, du d\u00e9but du manche jusqu\u2019\u00e0 la pointe, est adapt\u00e9e \u00e0 tous : nous pouvons \u00e9galement le r\u00e9aliser sur mesure selon vos param\u00e8tres individuels.<\/p>\n<p>Le pinceau GN33R tient confortablement en main. Tous les pinceaux pour gel Roubloff sont con\u00e7us et test\u00e9s par des professionnels, en fonction de leurs retours et recommandations.<\/p>\n<p>Visualiser la video : <a href=\"http:\/\/roubloff-france.fr\/Roubloff\/wp-content\/uploads\/2025\/09\/GN33R-6.mov\" target=\"_blank\" rel=\"noopener\">GN33R-6<\/a><\/p>\n","protected":false},"excerpt":{"rendered":"<p class=\"p1\">Pinceau professionnel l\u00e9g\u00e8rement arrondi, id\u00e9al pour le modelage au gel et les designs pr\u00e9cis.<br \/>\nFibres synth\u00e9tiques haut de gamme, souples et r\u00e9sistantes, travaill\u00e9es \u00e0 la main.<br \/>\nManche en bouleau rouge vif, l\u00e9ger et ergonomique, avec virole en cuivre chrom\u00e9 pour une durabilit\u00e9 optimale.<\/p>\n<hr \/>\n<p>Les pinceaux en fibres synth\u00e9tiques brunes et en imitation kolinsky poss\u00e8dent une touffe plus fine et une forme r\u00e9guli\u00e8re. Ils conviennent aussi bien \u00e0 l\u2019application des gels liquides qu\u2019\u00e0 la r\u00e9alisation de diff\u00e9rents motifs : \u201cGzhel\u201d, \u201cKhokhloma\u201d, \u201cZhostovo\u201d et autres ornements traditionnels, ainsi qu\u2019\u00e0 la technique du one stroke.<\/p>\n<p>Series from brown synthetics and kolinsky imitation have thinner tuft and even shape, so they can be used to liquid gels application as well as for different designs, such as \u201cGzhel\u201d, \u201cKhokhloma\u201d, \u201cZhostovo\u201d and other ethnic patterns and one stroke painting.<\/p>\n","protected":false},"featured_media":990,"template":"","meta":[],"product_brand":[319],"product_cat":[324,325],"product_tag":[348,349,343,346,328,340,341,331,347,332,323,336,333,335,334,338,350,337,345,339,327,330,326,329,344,342],"class_list":{"0":"post-984","1":"product","2":"type-product","3":"status-publish","4":"has-post-thumbnail","6":"product_brand-roubloff","7":"product_cat-gn33r","8":"product_cat-nail-art-pinceaux-professionnels","9":"product_tag-accessoire-onglerie","10":"product_tag-application-precise-gel","11":"product_tag-colle-resistante-aux-solvants","12":"product_tag-creation-nail-art","13":"product_tag-design-dongles","14":"product_tag-manche-ergonomique","15":"product_tag-manche-rouge-brillant","16":"product_tag-motifs-ethniques-onglerie","17":"product_tag-nail-art-professionnel","18":"product_tag-one-stroke-painting","19":"product_tag-ovale","20":"product_tag-peinture-chinoise-ongles","21":"product_tag-peinture-gzhel","22":"product_tag-peinture-jostovo","23":"product_tag-peinture-khokhloma","24":"product_tag-pinceau-fin-pour-detail","25":"product_tag-pinceau-maniable-et-leger","26":"product_tag-pinceau-ovale-gel","27":"product_tag-pinceau-pour-gel-liquide","28":"product_tag-pinceau-pour-motifs-multi-couleurs","29":"product_tag-pinceaux-gel-professionnel","30":"product_tag-pinceaux-kolinsky-imitation","31":"product_tag-pinceaux-nail-art","32":"product_tag-pinceaux-synthetiques","33":"product_tag-touffe-de-poils-durable","34":"product_tag-virole-chromee-resistante","36":"first","37":"instock","38":"taxable","39":"shipping-taxable","40":"purchasable","41":"product-type-simple"},"yoast_head":"<!-- This site is optimized with the Yoast SEO plugin v27.3 - https:\/\/yoast.com\/product\/yoast-seo-wordpress\/ -->\n<title>GN33R-5 ovale - pour polygel et design d\u2019ongles - Roubloff France - pinceaux d&#039;art<\/title>\n<meta name=\"robots\" content=\"index, follow, max-snippet:-1, max-image-preview:large, max-video-preview:-1\" \/>\n<link rel=\"canonical\" href=\"https:\/\/roubloff-france.fr\/Roubloff\/produit\/gn33r-5-ovale-pour-polygel-et-design-dongles\/\" \/>\n<meta property=\"og:locale\" content=\"fr_FR\" \/>\n<meta property=\"og:type\" content=\"article\" \/>\n<meta property=\"og:title\" content=\"GN33R-5 ovale - pour polygel et design d\u2019ongles - Roubloff France - pinceaux d&#039;art\" \/>\n<meta property=\"og:description\" content=\"Pinceau professionnel l\u00e9g\u00e8rement arrondi, id\u00e9al pour le modelage au gel et les designs pr\u00e9cis. Fibres synth\u00e9tiques haut de gamme, souples et r\u00e9sistantes, travaill\u00e9es \u00e0 la main. Manche en bouleau rouge vif, l\u00e9ger et ergonomique, avec virole en cuivre chrom\u00e9 pour une durabilit\u00e9 optimale.     Les pinceaux en fibres synth\u00e9tiques brunes et en imitation kolinsky poss\u00e8dent une touffe plus fine et une forme r\u00e9guli\u00e8re. Ils conviennent aussi bien \u00e0 l\u2019application des gels liquides qu\u2019\u00e0 la r\u00e9alisation de diff\u00e9rents motifs : \u201cGzhel\u201d, \u201cKhokhloma\u201d, \u201cZhostovo\u201d et autres ornements traditionnels, ainsi qu\u2019\u00e0 la technique du one stroke.  Series from brown synthetics and kolinsky imitation have thinner tuft and even shape, so they can be used to liquid gels application as well as for different designs, such as \u201cGzhel\u201d, \u201cKhokhloma\u201d, \u201cZhostovo\u201d and other ethnic patterns and one stroke painting.\" \/>\n<meta property=\"og:url\" content=\"https:\/\/roubloff-france.fr\/Roubloff\/produit\/gn33r-5-ovale-pour-polygel-et-design-dongles\/\" \/>\n<meta property=\"og:site_name\" content=\"Roubloff France - pinceaux d&#039;art\" \/>\n<meta property=\"article:publisher\" content=\"https:\/\/www.instagram.com\/roubloff_france\/\" \/>\n<meta property=\"article:modified_time\" content=\"2025-09-21T10:32:58+00:00\" \/>\n<meta property=\"og:image\" content=\"https:\/\/roubloff-france.fr\/Roubloff\/wp-content\/uploads\/2025\/09\/5-GN33R_1.jpg\" \/>\n\t<meta property=\"og:image:width\" content=\"900\" \/>\n\t<meta property=\"og:image:height\" content=\"1000\" \/>\n\t<meta property=\"og:image:type\" content=\"image\/jpeg\" \/>\n<meta name=\"twitter:card\" content=\"summary_large_image\" \/>\n<meta name=\"twitter:label1\" content=\"Dur\u00e9e de lecture estim\u00e9e\" \/>\n\t<meta name=\"twitter:data1\" content=\"1 minute\" \/>\n<script type=\"application\/ld+json\" class=\"yoast-schema-graph\">{\"@context\":\"https:\\\/\\\/schema.org\",\"@graph\":[{\"@type\":\"WebPage\",\"@id\":\"https:\\\/\\\/roubloff-france.fr\\\/Roubloff\\\/produit\\\/gn33r-5-ovale-pour-polygel-et-design-dongles\\\/\",\"url\":\"https:\\\/\\\/roubloff-france.fr\\\/Roubloff\\\/produit\\\/gn33r-5-ovale-pour-polygel-et-design-dongles\\\/\",\"name\":\"GN33R-5 ovale - pour polygel et design d\u2019ongles - Roubloff France - pinceaux d&#039;art\",\"isPartOf\":{\"@id\":\"https:\\\/\\\/roubloff-france.fr\\\/Roubloff\\\/#website\"},\"primaryImageOfPage\":{\"@id\":\"https:\\\/\\\/roubloff-france.fr\\\/Roubloff\\\/produit\\\/gn33r-5-ovale-pour-polygel-et-design-dongles\\\/#primaryimage\"},\"image\":{\"@id\":\"https:\\\/\\\/roubloff-france.fr\\\/Roubloff\\\/produit\\\/gn33r-5-ovale-pour-polygel-et-design-dongles\\\/#primaryimage\"},\"thumbnailUrl\":\"https:\\\/\\\/roubloff-france.fr\\\/Roubloff\\\/wp-content\\\/uploads\\\/2025\\\/09\\\/5-GN33R_1.jpg\",\"datePublished\":\"2025-09-21T10:02:52+00:00\",\"dateModified\":\"2025-09-21T10:32:58+00:00\",\"breadcrumb\":{\"@id\":\"https:\\\/\\\/roubloff-france.fr\\\/Roubloff\\\/produit\\\/gn33r-5-ovale-pour-polygel-et-design-dongles\\\/#breadcrumb\"},\"inLanguage\":\"fr-FR\",\"potentialAction\":[{\"@type\":\"ReadAction\",\"target\":[\"https:\\\/\\\/roubloff-france.fr\\\/Roubloff\\\/produit\\\/gn33r-5-ovale-pour-polygel-et-design-dongles\\\/\"]}]},{\"@type\":\"ImageObject\",\"inLanguage\":\"fr-FR\",\"@id\":\"https:\\\/\\\/roubloff-france.fr\\\/Roubloff\\\/produit\\\/gn33r-5-ovale-pour-polygel-et-design-dongles\\\/#primaryimage\",\"url\":\"https:\\\/\\\/roubloff-france.fr\\\/Roubloff\\\/wp-content\\\/uploads\\\/2025\\\/09\\\/5-GN33R_1.jpg\",\"contentUrl\":\"https:\\\/\\\/roubloff-france.fr\\\/Roubloff\\\/wp-content\\\/uploads\\\/2025\\\/09\\\/5-GN33R_1.jpg\",\"width\":900,\"height\":1000},{\"@type\":\"BreadcrumbList\",\"@id\":\"https:\\\/\\\/roubloff-france.fr\\\/Roubloff\\\/produit\\\/gn33r-5-ovale-pour-polygel-et-design-dongles\\\/#breadcrumb\",\"itemListElement\":[{\"@type\":\"ListItem\",\"position\":1,\"name\":\"Accueil\",\"item\":\"https:\\\/\\\/roubloff-france.fr\\\/Roubloff\\\/\"},{\"@type\":\"ListItem\",\"position\":2,\"name\":\"Les pinceaux Roubloff \u00a9 :\",\"item\":\"https:\\\/\\\/roubloff-france.fr\\\/Roubloff\\\/\"},{\"@type\":\"ListItem\",\"position\":3,\"name\":\"GN33R-5 ovale &#8211; pour polygel et design d\u2019ongles\"}]},{\"@type\":\"WebSite\",\"@id\":\"https:\\\/\\\/roubloff-france.fr\\\/Roubloff\\\/#website\",\"url\":\"https:\\\/\\\/roubloff-france.fr\\\/Roubloff\\\/\",\"name\":\"Roubloff France - pinceaux d'art\",\"description\":\"Les pinceaux d&#039;art pour les artistes, \u00e9coles d&#039;art, revendeurs\",\"publisher\":{\"@id\":\"https:\\\/\\\/roubloff-france.fr\\\/Roubloff\\\/#organization\"},\"potentialAction\":[{\"@type\":\"SearchAction\",\"target\":{\"@type\":\"EntryPoint\",\"urlTemplate\":\"https:\\\/\\\/roubloff-france.fr\\\/Roubloff\\\/?s={search_term_string}\"},\"query-input\":{\"@type\":\"PropertyValueSpecification\",\"valueRequired\":true,\"valueName\":\"search_term_string\"}}],\"inLanguage\":\"fr-FR\"},{\"@type\":\"Organization\",\"@id\":\"https:\\\/\\\/roubloff-france.fr\\\/Roubloff\\\/#organization\",\"name\":\"Roubloff France - pinceaux d'art\",\"url\":\"https:\\\/\\\/roubloff-france.fr\\\/Roubloff\\\/\",\"logo\":{\"@type\":\"ImageObject\",\"inLanguage\":\"fr-FR\",\"@id\":\"https:\\\/\\\/roubloff-france.fr\\\/Roubloff\\\/#\\\/schema\\\/logo\\\/image\\\/\",\"url\":\"https:\\\/\\\/roubloff-france.fr\\\/Roubloff\\\/wp-content\\\/uploads\\\/2022\\\/01\\\/cropped-Logo-Roubloff-Rouge-avec-filet-blanc-250-p.png\",\"contentUrl\":\"https:\\\/\\\/roubloff-france.fr\\\/Roubloff\\\/wp-content\\\/uploads\\\/2022\\\/01\\\/cropped-Logo-Roubloff-Rouge-avec-filet-blanc-250-p.png\",\"width\":261,\"height\":57,\"caption\":\"Roubloff France - pinceaux d'art\"},\"image\":{\"@id\":\"https:\\\/\\\/roubloff-france.fr\\\/Roubloff\\\/#\\\/schema\\\/logo\\\/image\\\/\"},\"sameAs\":[\"https:\\\/\\\/www.instagram.com\\\/roubloff_france\\\/\"]}]}<\/script>\n<!-- \/ Yoast SEO plugin. -->","yoast_head_json":{"title":"GN33R-5 ovale - pour polygel et design d\u2019ongles - Roubloff France - pinceaux d&#039;art","robots":{"index":"index","follow":"follow","max-snippet":"max-snippet:-1","max-image-preview":"max-image-preview:large","max-video-preview":"max-video-preview:-1"},"canonical":"https:\/\/roubloff-france.fr\/Roubloff\/produit\/gn33r-5-ovale-pour-polygel-et-design-dongles\/","og_locale":"fr_FR","og_type":"article","og_title":"GN33R-5 ovale - pour polygel et design d\u2019ongles - Roubloff France - pinceaux d&#039;art","og_description":"Pinceau professionnel l\u00e9g\u00e8rement arrondi, id\u00e9al pour le modelage au gel et les designs pr\u00e9cis. Fibres synth\u00e9tiques haut de gamme, souples et r\u00e9sistantes, travaill\u00e9es \u00e0 la main. Manche en bouleau rouge vif, l\u00e9ger et ergonomique, avec virole en cuivre chrom\u00e9 pour une durabilit\u00e9 optimale.     Les pinceaux en fibres synth\u00e9tiques brunes et en imitation kolinsky poss\u00e8dent une touffe plus fine et une forme r\u00e9guli\u00e8re. Ils conviennent aussi bien \u00e0 l\u2019application des gels liquides qu\u2019\u00e0 la r\u00e9alisation de diff\u00e9rents motifs : \u201cGzhel\u201d, \u201cKhokhloma\u201d, \u201cZhostovo\u201d et autres ornements traditionnels, ainsi qu\u2019\u00e0 la technique du one stroke.  Series from brown synthetics and kolinsky imitation have thinner tuft and even shape, so they can be used to liquid gels application as well as for different designs, such as \u201cGzhel\u201d, \u201cKhokhloma\u201d, \u201cZhostovo\u201d and other ethnic patterns and one stroke painting.","og_url":"https:\/\/roubloff-france.fr\/Roubloff\/produit\/gn33r-5-ovale-pour-polygel-et-design-dongles\/","og_site_name":"Roubloff France - pinceaux d&#039;art","article_publisher":"https:\/\/www.instagram.com\/roubloff_france\/","article_modified_time":"2025-09-21T10:32:58+00:00","og_image":[{"width":900,"height":1000,"url":"https:\/\/roubloff-france.fr\/Roubloff\/wp-content\/uploads\/2025\/09\/5-GN33R_1.jpg","type":"image\/jpeg"}],"twitter_card":"summary_large_image","twitter_misc":{"Dur\u00e9e de lecture estim\u00e9e":"1 minute"},"schema":{"@context":"https:\/\/schema.org","@graph":[{"@type":"WebPage","@id":"https:\/\/roubloff-france.fr\/Roubloff\/produit\/gn33r-5-ovale-pour-polygel-et-design-dongles\/","url":"https:\/\/roubloff-france.fr\/Roubloff\/produit\/gn33r-5-ovale-pour-polygel-et-design-dongles\/","name":"GN33R-5 ovale - pour polygel et design d\u2019ongles - Roubloff France - pinceaux d&#039;art","isPartOf":{"@id":"https:\/\/roubloff-france.fr\/Roubloff\/#website"},"primaryImageOfPage":{"@id":"https:\/\/roubloff-france.fr\/Roubloff\/produit\/gn33r-5-ovale-pour-polygel-et-design-dongles\/#primaryimage"},"image":{"@id":"https:\/\/roubloff-france.fr\/Roubloff\/produit\/gn33r-5-ovale-pour-polygel-et-design-dongles\/#primaryimage"},"thumbnailUrl":"https:\/\/roubloff-france.fr\/Roubloff\/wp-content\/uploads\/2025\/09\/5-GN33R_1.jpg","datePublished":"2025-09-21T10:02:52+00:00","dateModified":"2025-09-21T10:32:58+00:00","breadcrumb":{"@id":"https:\/\/roubloff-france.fr\/Roubloff\/produit\/gn33r-5-ovale-pour-polygel-et-design-dongles\/#breadcrumb"},"inLanguage":"fr-FR","potentialAction":[{"@type":"ReadAction","target":["https:\/\/roubloff-france.fr\/Roubloff\/produit\/gn33r-5-ovale-pour-polygel-et-design-dongles\/"]}]},{"@type":"ImageObject","inLanguage":"fr-FR","@id":"https:\/\/roubloff-france.fr\/Roubloff\/produit\/gn33r-5-ovale-pour-polygel-et-design-dongles\/#primaryimage","url":"https:\/\/roubloff-france.fr\/Roubloff\/wp-content\/uploads\/2025\/09\/5-GN33R_1.jpg","contentUrl":"https:\/\/roubloff-france.fr\/Roubloff\/wp-content\/uploads\/2025\/09\/5-GN33R_1.jpg","width":900,"height":1000},{"@type":"BreadcrumbList","@id":"https:\/\/roubloff-france.fr\/Roubloff\/produit\/gn33r-5-ovale-pour-polygel-et-design-dongles\/#breadcrumb","itemListElement":[{"@type":"ListItem","position":1,"name":"Accueil","item":"https:\/\/roubloff-france.fr\/Roubloff\/"},{"@type":"ListItem","position":2,"name":"Les pinceaux Roubloff \u00a9 :","item":"https:\/\/roubloff-france.fr\/Roubloff\/"},{"@type":"ListItem","position":3,"name":"GN33R-5 ovale &#8211; pour polygel et design d\u2019ongles"}]},{"@type":"WebSite","@id":"https:\/\/roubloff-france.fr\/Roubloff\/#website","url":"https:\/\/roubloff-france.fr\/Roubloff\/","name":"Roubloff France - pinceaux d'art","description":"Les pinceaux d&#039;art pour les artistes, \u00e9coles d&#039;art, revendeurs","publisher":{"@id":"https:\/\/roubloff-france.fr\/Roubloff\/#organization"},"potentialAction":[{"@type":"SearchAction","target":{"@type":"EntryPoint","urlTemplate":"https:\/\/roubloff-france.fr\/Roubloff\/?s={search_term_string}"},"query-input":{"@type":"PropertyValueSpecification","valueRequired":true,"valueName":"search_term_string"}}],"inLanguage":"fr-FR"},{"@type":"Organization","@id":"https:\/\/roubloff-france.fr\/Roubloff\/#organization","name":"Roubloff France - pinceaux d'art","url":"https:\/\/roubloff-france.fr\/Roubloff\/","logo":{"@type":"ImageObject","inLanguage":"fr-FR","@id":"https:\/\/roubloff-france.fr\/Roubloff\/#\/schema\/logo\/image\/","url":"https:\/\/roubloff-france.fr\/Roubloff\/wp-content\/uploads\/2022\/01\/cropped-Logo-Roubloff-Rouge-avec-filet-blanc-250-p.png","contentUrl":"https:\/\/roubloff-france.fr\/Roubloff\/wp-content\/uploads\/2022\/01\/cropped-Logo-Roubloff-Rouge-avec-filet-blanc-250-p.png","width":261,"height":57,"caption":"Roubloff France - pinceaux d'art"},"image":{"@id":"https:\/\/roubloff-france.fr\/Roubloff\/#\/schema\/logo\/image\/"},"sameAs":["https:\/\/www.instagram.com\/roubloff_france\/"]}]}},"_links":{"self":[{"href":"https:\/\/roubloff-france.fr\/Roubloff\/wp-json\/wp\/v2\/product\/984","targetHints":{"allow":["GET"]}}],"collection":[{"href":"https:\/\/roubloff-france.fr\/Roubloff\/wp-json\/wp\/v2\/product"}],"about":[{"href":"https:\/\/roubloff-france.fr\/Roubloff\/wp-json\/wp\/v2\/types\/product"}],"wp:featuredmedia":[{"embeddable":true,"href":"https:\/\/roubloff-france.fr\/Roubloff\/wp-json\/wp\/v2\/media\/990"}],"wp:attachment":[{"href":"https:\/\/roubloff-france.fr\/Roubloff\/wp-json\/wp\/v2\/media?parent=984"}],"wp:term":[{"taxonomy":"product_brand","embeddable":true,"href":"https:\/\/roubloff-france.fr\/Roubloff\/wp-json\/wp\/v2\/product_brand?post=984"},{"taxonomy":"product_cat","embeddable":true,"href":"https:\/\/roubloff-france.fr\/Roubloff\/wp-json\/wp\/v2\/product_cat?post=984"},{"taxonomy":"product_tag","embeddable":true,"href":"https:\/\/roubloff-france.fr\/Roubloff\/wp-json\/wp\/v2\/product_tag?post=984"}],"curies":[{"name":"wp","href":"https:\/\/api.w.org\/{rel}","templated":true}]}}