{"id":510,"date":"2023-04-25T21:58:02","date_gmt":"2023-04-25T19:58:02","guid":{"rendered":"https:\/\/roubloff-france.fr\/Roubloff\/?post_type=product&#038;p=510"},"modified":"2025-12-05T22:18:49","modified_gmt":"2025-12-05T21:18:49","slug":"petit-gris-synthetique-serie-qf10-12","status":"publish","type":"product","link":"https:\/\/roubloff-france.fr\/Roubloff\/produit\/petit-gris-synthetique-serie-qf10-12\/","title":{"rendered":"QF10-12 &#8211; Synth\u00e9tique Petit Gris"},"content":{"rendered":"<p><strong>Pinceau imitation petit-gris synth\u00e9tique Roubloff, format rond n\u00b012 mm avec un manche court laqu\u00e9 et une virole en plastique <\/strong><\/p>\n<p>La brosse ronde en imitation d&rsquo;\u00e9cureuil synth\u00e9tique se tient bien dans la main gr\u00e2ce \u00e0 un manche en bois court. Les poils de la brosse sont solidement fix\u00e9s avec une virole en plastique.<\/p>\n<p>Le manche verni offre une r\u00e9sistance au glissement et une viabilit\u00e9 \u00e0 long terme du pinceau. Cette s\u00e9rie est polyvalente dans son application : pour aquarelle, gouache, acrylique, encre (tous types de couleurs \u00e0 base d&rsquo;eau).<\/p>\n<p>La brosse est \u00e9galement parfaite pour la calligraphie, car elle absorbe beaucoup d&rsquo;eau et une pointe ac\u00e9r\u00e9e la transf\u00e8re facilement sur le papier avec de longues lignes fines<\/p>\n<ul>\n<li>Application : acrylique, aquarelle, gouache<\/li>\n<li>Poils : synth\u00e9tique<\/li>\n<li>Type de poils : imitation \u00e9cureuil<\/li>\n<li>Rigidit\u00e9 : 0<\/li>\n<li>Virole : Transparent (tube PVC)<\/li>\n<li>Forme de t\u00eate de brosse : ronde<\/li>\n<li>Longueur du manche : court<\/li>\n<li>Tailles : 3, 4, 6<\/li>\n<li>Avantages :\n<ul>\n<li>Haute qualit\u00e9 des poils<\/li>\n<li>Manche en bouleau l\u00e9ger<\/li>\n<li>Poils trait\u00e9s \u00e0 la main<\/li>\n<\/ul>\n<\/li>\n<\/ul>\n<hr \/>\n<h3><strong>Brush Roubloff synthetic squirrel imitation, head shape round 12 with a short lacquered handle and a plastic ferrule<\/strong><\/h3>\n<p>Round brush from synthetic squirrel imitation feels right in the hand thanks to short wooden handle. Brush hair is securely fixed with plastic ferrule.<br \/>\nVarnished handle provides with slip-resistance and long-term viability of the brush.<br \/>\nThis series is versatile in its application: for watercolor, gouache, acrylic, ink (all types of water-based colors).<br \/>\nThe brush is perfect for calligraphy, because it absorbs much water and a needle-sharp point easily transfers it to the paper with long thin lines<\/p>\n<ul>\n<li>Application: Acrylic,Watercolor,Gouache<\/li>\n<li>Hair: Synthetic<\/li>\n<li>Hair type: Squirrel imitation<\/li>\n<li>Stiffness: 0<\/li>\n<li>Ferrule: Transparent (PVC tube)<\/li>\n<li>Brush head shape: Round<\/li>\n<li>Handle length: Short<\/li>\n<li>Sizes : 3, 4, 6<\/li>\n<li>Advantages:\n<ul>\n<li>High hair quality<\/li>\n<li>Light-weight birch handle<\/li>\n<li>Hair treated by hand<\/li>\n<\/ul>\n<\/li>\n<\/ul>\n<hr \/>\n<p>Pinceau souple en imitation synth\u00e9tique de poil d\u2019\u00e9cureuil. Ses poils finement effil\u00e9s et son design particulier lui conf\u00e8rent une pointe pr\u00e9cise. Id\u00e9al pour l\u2019aquarelle, ce pinceau convient aussi bien aux lavis de grande surface qu\u2019aux d\u00e9tails fins.<br \/>\nGr\u00e2ce \u00e0 sa technologie brevet\u00e9e de virole sans fil de style fran\u00e7ais, il est \u00e0 la fois s\u00fbr et confortable \u00e0 tenir.<br \/>\nSon manche \u00e9l\u00e9gant et pratique, prot\u00e9g\u00e9 par un rev\u00eatement laqu\u00e9, r\u00e9siste aux m\u00e9diums agressifs.<br \/>\nLes poils du pinceau sont prot\u00e9g\u00e9s par un capuchon r\u00e9utilisable, qui peut \u00eatre retir\u00e9 et replac\u00e9 par le manche. Ce syst\u00e8me est particuli\u00e8rement pratique pour la peinture en plein air, \u00e9vitant d\u2019endommager les poils et de tacher d\u2019autres objets.<\/p>\n<p>Soft brush from synthetic squirrel imitation. The sharply tapered hair and the special design of the brush give it a pointed tip. This brush works well with watercolours and is suitable not only for large area washes, but also for fine details.<br \/>\nThe patented technology of the wire-free French style quill fastening makes the brush secure and comfortable to hold.<br \/>\nThe stylish and practical handle finish protected with lacquer is resistant to aggressive media.<br \/>\nThe hair is protected with a reusable cap which can be taken off and then put on through the brush shaft. It is convenient en plein air and prevents the brush hair from being damaged and from staining other items.<\/p>\n","protected":false},"excerpt":{"rendered":"<h3><strong>Pinceau imitation petit-gris synth\u00e9tique Roubloff, format rond n\u00b012 mm avec un manche court laqu\u00e9 et une virole en plastique<\/strong><\/h3>\n","protected":false},"featured_media":110,"template":"","meta":[],"product_brand":[],"product_cat":[29,267],"product_tag":[30,31,32],"class_list":{"0":"post-510","1":"product","2":"type-product","3":"status-publish","4":"has-post-thumbnail","6":"product_cat-petit-gris-synthetique-serie-qf10","7":"product_cat-synthetiques-souples","8":"product_tag-petit-gris-synthetique","9":"product_tag-qf10","10":"product_tag-qf10-10","12":"first","13":"instock","14":"taxable","15":"shipping-taxable","16":"purchasable","17":"product-type-simple"},"yoast_head":"<!-- This site is optimized with the Yoast SEO plugin v27.3 - https:\/\/yoast.com\/product\/yoast-seo-wordpress\/ -->\n<title>QF10-12 - Synth\u00e9tique Petit Gris - Roubloff France - pinceaux d&#039;art<\/title>\n<meta name=\"description\" content=\"Pinceau imitation petit-gris synth\u00e9tique Roubloff, format rond n\u00b010 mm avec un manche court laqu\u00e9 et une virole en plastique\" \/>\n<meta name=\"robots\" content=\"index, follow, max-snippet:-1, max-image-preview:large, max-video-preview:-1\" \/>\n<link rel=\"canonical\" href=\"https:\/\/roubloff-france.fr\/Roubloff\/produit\/petit-gris-synthetique-serie-qf10-12\/\" \/>\n<meta property=\"og:locale\" content=\"fr_FR\" \/>\n<meta property=\"og:type\" content=\"article\" \/>\n<meta property=\"og:title\" content=\"QF10-12 - Synth\u00e9tique Petit Gris - Roubloff France - pinceaux d&#039;art\" \/>\n<meta property=\"og:description\" content=\"Pinceau imitation petit-gris synth\u00e9tique Roubloff, format rond n\u00b010 mm avec un manche court laqu\u00e9 et une virole en plastique\" \/>\n<meta property=\"og:url\" content=\"https:\/\/roubloff-france.fr\/Roubloff\/produit\/petit-gris-synthetique-serie-qf10-12\/\" \/>\n<meta property=\"og:site_name\" content=\"Roubloff France - pinceaux d&#039;art\" \/>\n<meta property=\"article:publisher\" content=\"https:\/\/www.instagram.com\/roubloff_france\/\" \/>\n<meta property=\"article:modified_time\" content=\"2025-12-05T21:18:49+00:00\" \/>\n<meta property=\"og:image\" content=\"https:\/\/roubloff-france.fr\/Roubloff\/wp-content\/uploads\/2021\/03\/QF10-1.jpg\" \/>\n\t<meta property=\"og:image:width\" content=\"1080\" \/>\n\t<meta property=\"og:image:height\" content=\"1200\" \/>\n\t<meta property=\"og:image:type\" content=\"image\/jpeg\" \/>\n<meta name=\"twitter:card\" content=\"summary_large_image\" \/>\n<meta name=\"twitter:label1\" content=\"Dur\u00e9e de lecture estim\u00e9e\" \/>\n\t<meta name=\"twitter:data1\" content=\"3 minutes\" \/>\n<script type=\"application\/ld+json\" class=\"yoast-schema-graph\">{\"@context\":\"https:\\\/\\\/schema.org\",\"@graph\":[{\"@type\":\"WebPage\",\"@id\":\"https:\\\/\\\/roubloff-france.fr\\\/Roubloff\\\/produit\\\/petit-gris-synthetique-serie-qf10-12\\\/\",\"url\":\"https:\\\/\\\/roubloff-france.fr\\\/Roubloff\\\/produit\\\/petit-gris-synthetique-serie-qf10-12\\\/\",\"name\":\"QF10-12 - Synth\u00e9tique Petit Gris - Roubloff France - pinceaux d&#039;art\",\"isPartOf\":{\"@id\":\"https:\\\/\\\/roubloff-france.fr\\\/Roubloff\\\/#website\"},\"primaryImageOfPage\":{\"@id\":\"https:\\\/\\\/roubloff-france.fr\\\/Roubloff\\\/produit\\\/petit-gris-synthetique-serie-qf10-12\\\/#primaryimage\"},\"image\":{\"@id\":\"https:\\\/\\\/roubloff-france.fr\\\/Roubloff\\\/produit\\\/petit-gris-synthetique-serie-qf10-12\\\/#primaryimage\"},\"thumbnailUrl\":\"https:\\\/\\\/roubloff-france.fr\\\/Roubloff\\\/wp-content\\\/uploads\\\/2021\\\/03\\\/QF10-1.jpg\",\"datePublished\":\"2023-04-25T19:58:02+00:00\",\"dateModified\":\"2025-12-05T21:18:49+00:00\",\"description\":\"Pinceau imitation petit-gris synth\u00e9tique Roubloff, format rond n\u00b010 mm avec un manche court laqu\u00e9 et une virole en plastique\",\"breadcrumb\":{\"@id\":\"https:\\\/\\\/roubloff-france.fr\\\/Roubloff\\\/produit\\\/petit-gris-synthetique-serie-qf10-12\\\/#breadcrumb\"},\"inLanguage\":\"fr-FR\",\"potentialAction\":[{\"@type\":\"ReadAction\",\"target\":[\"https:\\\/\\\/roubloff-france.fr\\\/Roubloff\\\/produit\\\/petit-gris-synthetique-serie-qf10-12\\\/\"]}]},{\"@type\":\"ImageObject\",\"inLanguage\":\"fr-FR\",\"@id\":\"https:\\\/\\\/roubloff-france.fr\\\/Roubloff\\\/produit\\\/petit-gris-synthetique-serie-qf10-12\\\/#primaryimage\",\"url\":\"https:\\\/\\\/roubloff-france.fr\\\/Roubloff\\\/wp-content\\\/uploads\\\/2021\\\/03\\\/QF10-1.jpg\",\"contentUrl\":\"https:\\\/\\\/roubloff-france.fr\\\/Roubloff\\\/wp-content\\\/uploads\\\/2021\\\/03\\\/QF10-1.jpg\",\"width\":1080,\"height\":1200},{\"@type\":\"BreadcrumbList\",\"@id\":\"https:\\\/\\\/roubloff-france.fr\\\/Roubloff\\\/produit\\\/petit-gris-synthetique-serie-qf10-12\\\/#breadcrumb\",\"itemListElement\":[{\"@type\":\"ListItem\",\"position\":1,\"name\":\"Accueil\",\"item\":\"https:\\\/\\\/roubloff-france.fr\\\/Roubloff\\\/\"},{\"@type\":\"ListItem\",\"position\":2,\"name\":\"Les pinceaux Roubloff \u00a9 :\",\"item\":\"https:\\\/\\\/roubloff-france.fr\\\/Roubloff\\\/\"},{\"@type\":\"ListItem\",\"position\":3,\"name\":\"QF10-12 &#8211; Synth\u00e9tique Petit Gris\"}]},{\"@type\":\"WebSite\",\"@id\":\"https:\\\/\\\/roubloff-france.fr\\\/Roubloff\\\/#website\",\"url\":\"https:\\\/\\\/roubloff-france.fr\\\/Roubloff\\\/\",\"name\":\"Roubloff France - pinceaux d'art\",\"description\":\"Les pinceaux d&#039;art pour les artistes, \u00e9coles d&#039;art, revendeurs\",\"publisher\":{\"@id\":\"https:\\\/\\\/roubloff-france.fr\\\/Roubloff\\\/#organization\"},\"potentialAction\":[{\"@type\":\"SearchAction\",\"target\":{\"@type\":\"EntryPoint\",\"urlTemplate\":\"https:\\\/\\\/roubloff-france.fr\\\/Roubloff\\\/?s={search_term_string}\"},\"query-input\":{\"@type\":\"PropertyValueSpecification\",\"valueRequired\":true,\"valueName\":\"search_term_string\"}}],\"inLanguage\":\"fr-FR\"},{\"@type\":\"Organization\",\"@id\":\"https:\\\/\\\/roubloff-france.fr\\\/Roubloff\\\/#organization\",\"name\":\"Roubloff France - pinceaux d'art\",\"url\":\"https:\\\/\\\/roubloff-france.fr\\\/Roubloff\\\/\",\"logo\":{\"@type\":\"ImageObject\",\"inLanguage\":\"fr-FR\",\"@id\":\"https:\\\/\\\/roubloff-france.fr\\\/Roubloff\\\/#\\\/schema\\\/logo\\\/image\\\/\",\"url\":\"https:\\\/\\\/roubloff-france.fr\\\/Roubloff\\\/wp-content\\\/uploads\\\/2022\\\/01\\\/cropped-Logo-Roubloff-Rouge-avec-filet-blanc-250-p.png\",\"contentUrl\":\"https:\\\/\\\/roubloff-france.fr\\\/Roubloff\\\/wp-content\\\/uploads\\\/2022\\\/01\\\/cropped-Logo-Roubloff-Rouge-avec-filet-blanc-250-p.png\",\"width\":261,\"height\":57,\"caption\":\"Roubloff France - pinceaux d'art\"},\"image\":{\"@id\":\"https:\\\/\\\/roubloff-france.fr\\\/Roubloff\\\/#\\\/schema\\\/logo\\\/image\\\/\"},\"sameAs\":[\"https:\\\/\\\/www.instagram.com\\\/roubloff_france\\\/\"]}]}<\/script>\n<!-- \/ Yoast SEO plugin. -->","yoast_head_json":{"title":"QF10-12 - Synth\u00e9tique Petit Gris - Roubloff France - pinceaux d&#039;art","description":"Pinceau imitation petit-gris synth\u00e9tique Roubloff, format rond n\u00b010 mm avec un manche court laqu\u00e9 et une virole en plastique","robots":{"index":"index","follow":"follow","max-snippet":"max-snippet:-1","max-image-preview":"max-image-preview:large","max-video-preview":"max-video-preview:-1"},"canonical":"https:\/\/roubloff-france.fr\/Roubloff\/produit\/petit-gris-synthetique-serie-qf10-12\/","og_locale":"fr_FR","og_type":"article","og_title":"QF10-12 - Synth\u00e9tique Petit Gris - Roubloff France - pinceaux d&#039;art","og_description":"Pinceau imitation petit-gris synth\u00e9tique Roubloff, format rond n\u00b010 mm avec un manche court laqu\u00e9 et une virole en plastique","og_url":"https:\/\/roubloff-france.fr\/Roubloff\/produit\/petit-gris-synthetique-serie-qf10-12\/","og_site_name":"Roubloff France - pinceaux d&#039;art","article_publisher":"https:\/\/www.instagram.com\/roubloff_france\/","article_modified_time":"2025-12-05T21:18:49+00:00","og_image":[{"width":1080,"height":1200,"url":"https:\/\/roubloff-france.fr\/Roubloff\/wp-content\/uploads\/2021\/03\/QF10-1.jpg","type":"image\/jpeg"}],"twitter_card":"summary_large_image","twitter_misc":{"Dur\u00e9e de lecture estim\u00e9e":"3 minutes"},"schema":{"@context":"https:\/\/schema.org","@graph":[{"@type":"WebPage","@id":"https:\/\/roubloff-france.fr\/Roubloff\/produit\/petit-gris-synthetique-serie-qf10-12\/","url":"https:\/\/roubloff-france.fr\/Roubloff\/produit\/petit-gris-synthetique-serie-qf10-12\/","name":"QF10-12 - Synth\u00e9tique Petit Gris - Roubloff France - pinceaux d&#039;art","isPartOf":{"@id":"https:\/\/roubloff-france.fr\/Roubloff\/#website"},"primaryImageOfPage":{"@id":"https:\/\/roubloff-france.fr\/Roubloff\/produit\/petit-gris-synthetique-serie-qf10-12\/#primaryimage"},"image":{"@id":"https:\/\/roubloff-france.fr\/Roubloff\/produit\/petit-gris-synthetique-serie-qf10-12\/#primaryimage"},"thumbnailUrl":"https:\/\/roubloff-france.fr\/Roubloff\/wp-content\/uploads\/2021\/03\/QF10-1.jpg","datePublished":"2023-04-25T19:58:02+00:00","dateModified":"2025-12-05T21:18:49+00:00","description":"Pinceau imitation petit-gris synth\u00e9tique Roubloff, format rond n\u00b010 mm avec un manche court laqu\u00e9 et une virole en plastique","breadcrumb":{"@id":"https:\/\/roubloff-france.fr\/Roubloff\/produit\/petit-gris-synthetique-serie-qf10-12\/#breadcrumb"},"inLanguage":"fr-FR","potentialAction":[{"@type":"ReadAction","target":["https:\/\/roubloff-france.fr\/Roubloff\/produit\/petit-gris-synthetique-serie-qf10-12\/"]}]},{"@type":"ImageObject","inLanguage":"fr-FR","@id":"https:\/\/roubloff-france.fr\/Roubloff\/produit\/petit-gris-synthetique-serie-qf10-12\/#primaryimage","url":"https:\/\/roubloff-france.fr\/Roubloff\/wp-content\/uploads\/2021\/03\/QF10-1.jpg","contentUrl":"https:\/\/roubloff-france.fr\/Roubloff\/wp-content\/uploads\/2021\/03\/QF10-1.jpg","width":1080,"height":1200},{"@type":"BreadcrumbList","@id":"https:\/\/roubloff-france.fr\/Roubloff\/produit\/petit-gris-synthetique-serie-qf10-12\/#breadcrumb","itemListElement":[{"@type":"ListItem","position":1,"name":"Accueil","item":"https:\/\/roubloff-france.fr\/Roubloff\/"},{"@type":"ListItem","position":2,"name":"Les pinceaux Roubloff \u00a9 :","item":"https:\/\/roubloff-france.fr\/Roubloff\/"},{"@type":"ListItem","position":3,"name":"QF10-12 &#8211; Synth\u00e9tique Petit Gris"}]},{"@type":"WebSite","@id":"https:\/\/roubloff-france.fr\/Roubloff\/#website","url":"https:\/\/roubloff-france.fr\/Roubloff\/","name":"Roubloff France - pinceaux d'art","description":"Les pinceaux d&#039;art pour les artistes, \u00e9coles d&#039;art, revendeurs","publisher":{"@id":"https:\/\/roubloff-france.fr\/Roubloff\/#organization"},"potentialAction":[{"@type":"SearchAction","target":{"@type":"EntryPoint","urlTemplate":"https:\/\/roubloff-france.fr\/Roubloff\/?s={search_term_string}"},"query-input":{"@type":"PropertyValueSpecification","valueRequired":true,"valueName":"search_term_string"}}],"inLanguage":"fr-FR"},{"@type":"Organization","@id":"https:\/\/roubloff-france.fr\/Roubloff\/#organization","name":"Roubloff France - pinceaux d'art","url":"https:\/\/roubloff-france.fr\/Roubloff\/","logo":{"@type":"ImageObject","inLanguage":"fr-FR","@id":"https:\/\/roubloff-france.fr\/Roubloff\/#\/schema\/logo\/image\/","url":"https:\/\/roubloff-france.fr\/Roubloff\/wp-content\/uploads\/2022\/01\/cropped-Logo-Roubloff-Rouge-avec-filet-blanc-250-p.png","contentUrl":"https:\/\/roubloff-france.fr\/Roubloff\/wp-content\/uploads\/2022\/01\/cropped-Logo-Roubloff-Rouge-avec-filet-blanc-250-p.png","width":261,"height":57,"caption":"Roubloff France - pinceaux d'art"},"image":{"@id":"https:\/\/roubloff-france.fr\/Roubloff\/#\/schema\/logo\/image\/"},"sameAs":["https:\/\/www.instagram.com\/roubloff_france\/"]}]}},"_links":{"self":[{"href":"https:\/\/roubloff-france.fr\/Roubloff\/wp-json\/wp\/v2\/product\/510","targetHints":{"allow":["GET"]}}],"collection":[{"href":"https:\/\/roubloff-france.fr\/Roubloff\/wp-json\/wp\/v2\/product"}],"about":[{"href":"https:\/\/roubloff-france.fr\/Roubloff\/wp-json\/wp\/v2\/types\/product"}],"wp:featuredmedia":[{"embeddable":true,"href":"https:\/\/roubloff-france.fr\/Roubloff\/wp-json\/wp\/v2\/media\/110"}],"wp:attachment":[{"href":"https:\/\/roubloff-france.fr\/Roubloff\/wp-json\/wp\/v2\/media?parent=510"}],"wp:term":[{"taxonomy":"product_brand","embeddable":true,"href":"https:\/\/roubloff-france.fr\/Roubloff\/wp-json\/wp\/v2\/product_brand?post=510"},{"taxonomy":"product_cat","embeddable":true,"href":"https:\/\/roubloff-france.fr\/Roubloff\/wp-json\/wp\/v2\/product_cat?post=510"},{"taxonomy":"product_tag","embeddable":true,"href":"https:\/\/roubloff-france.fr\/Roubloff\/wp-json\/wp\/v2\/product_tag?post=510"}],"curies":[{"name":"wp","href":"https:\/\/api.w.org\/{rel}","templated":true}]}}