{"id":347,"date":"2021-12-16T11:43:56","date_gmt":"2021-12-16T10:43:56","guid":{"rendered":"https:\/\/roubloff-france.fr\/Roubloff\/?post_type=product&#038;p=347"},"modified":"2025-01-30T21:55:19","modified_gmt":"2025-01-30T20:55:19","slug":"synthetic-131f-1","status":"publish","type":"product","link":"https:\/\/roubloff-france.fr\/Roubloff\/produit\/synthetic-131f-1\/","title":{"rendered":"Synthetic 131F-1"},"content":{"rendered":"<p>Le pinceau rond avec une longueur courte en synth\u00e9tique jaune rigide est indispensable pour les d\u00e9tails et les reflets.<br \/>\nLa virole en aluminium anodis\u00e9 fixe solidement les fibres en les prot\u00e9geant des chutes.<br \/>\nLe manche court avec rev\u00eatement noir mat vous permet de travailler sur les lignes fines et les d\u00e9tails.<br \/>\nCette s\u00e9rie est utile pour la peinture \u00e0 un ton comme les d\u00e9grad\u00e9s d&rsquo;eau, les couronnes d&rsquo;arbres, les nuages, les croquis de personnes et de b\u00e2timents<\/p>\n<p><strong>Pinceaux d&rsquo;art<\/strong><\/p>\n<ul>\n<li>Application : acrylique, gouache, huile<\/li>\n<li>Poils : synth\u00e9tiques<\/li>\n<li>Type de poils : synth\u00e9tique jaune<\/li>\n<li>Rigidit\u00e9 : 3<\/li>\n<li>Virole : or (aluminium anodis\u00e9)<\/li>\n<li>Forme de la t\u00eate de brosse : ronde<\/li>\n<li>Longueur du manche : court<\/li>\n<li>Tailles : 00, 0, 1, 2, 3, 4, 5, 6<\/li>\n<\/ul>\n<p><strong>Avantages\u00a0:<\/strong><\/p>\n<ul>\n<li>Poils de haute qualit\u00e9<\/li>\n<li>Produit d&rsquo;origine<\/li>\n<li>Poils trait\u00e9s \u00e0 la main<\/li>\n<\/ul>\n<p><iframe loading=\"lazy\" title=\"\u041f\u0440\u0438\u043c\u0435\u043d\u0435\u043d\u0438\u0435 \u043a\u0438\u0441\u0442\u0435\u0439 \u0438\u0437 \u0440\u044b\u0436\u0435\u0439 \u0441\u0438\u043d\u0442\u0435\u0442\u0438\u043a\u0438 - \u043a\u0438\u0441\u0442\u0438 1232, 1210, 1212, 1310, 1312, 1332, 1362, 1315, 1317\" width=\"980\" height=\"551\" src=\"https:\/\/www.youtube.com\/embed\/UDIKZwTZhbU?feature=oembed\" frameborder=\"0\" allow=\"accelerometer; autoplay; clipboard-write; encrypted-media; gyroscope; picture-in-picture; web-share\" referrerpolicy=\"strict-origin-when-cross-origin\" allowfullscreen><\/iframe><\/p>\n<hr \/>\n<p>Round brush with short length-out from yellow stiff synthetic is indispensable for details and highlights. Anodized aluminum ferrule securely fixes fibres protecting from falling out.<\/p>\n<p>Short handle with matt black covering lets you work on fine lines and details.<\/p>\n<p>This series is useful for one-tone painting such as water gradients, crowns of trees, clouds, sketches of people and buildings<\/p>\n<p><strong>Art brushes<\/strong><\/p>\n<ul>\n<li>Application: Acrylic,Gouache,Oil<\/li>\n<li>Hair: Synthetic<\/li>\n<li>Hair type: Yellow synthetic<\/li>\n<li>Stiffness: 3<\/li>\n<li>Ferrule: Gold (anodized aluminum)<\/li>\n<li>Brush head shape: Round<\/li>\n<li>Handle length: Short<\/li>\n<li>Sizes 00, 0, 1, 2, 3, 4, 5, 6<\/li>\n<\/ul>\n<p><strong>Advantages:<\/strong><\/p>\n<ul>\n<li>High hair quality<\/li>\n<li>Original product<\/li>\n<li>Hair treated by hand<\/li>\n<\/ul>\n","protected":false},"excerpt":{"rendered":"<p>Le pinceau rond avec une longueur courte en synth\u00e9tique jaune rigide est indispensable pour les d\u00e9tails et les reflets.<br \/>\nLa virole en aluminium anodis\u00e9 fixe solidement les fibres en les prot\u00e9geant des chutes.<br \/>\nLe manche court avec rev\u00eatement noir mat vous permet de travailler sur les lignes fines et les d\u00e9tails.<br \/>\nCette s\u00e9rie est utile pour la peinture \u00e0 un ton comme les d\u00e9grad\u00e9s d&rsquo;eau, les couronnes d&rsquo;arbres, les nuages, les croquis de personnes et de b\u00e2timents.<\/p>\n","protected":false},"featured_media":348,"template":"","meta":[],"product_brand":[],"product_cat":[198,16],"product_tag":[197,196],"class_list":{"0":"post-347","1":"product","2":"type-product","3":"status-publish","4":"has-post-thumbnail","6":"product_cat-131f","7":"product_cat-les-pinceaux-dart-roubloff","8":"product_tag-131f","9":"product_tag-131f-1","11":"first","12":"instock","13":"taxable","14":"shipping-taxable","15":"purchasable","16":"product-type-simple"},"yoast_head":"<!-- This site is optimized with the Yoast SEO plugin v27.3 - https:\/\/yoast.com\/product\/yoast-seo-wordpress\/ -->\n<title>Synthetic 131F-1 - Roubloff France - pinceaux d&#039;art<\/title>\n<meta name=\"robots\" content=\"index, follow, max-snippet:-1, max-image-preview:large, max-video-preview:-1\" \/>\n<link rel=\"canonical\" href=\"https:\/\/roubloff-france.fr\/Roubloff\/produit\/synthetic-131f-1\/\" \/>\n<meta property=\"og:locale\" content=\"fr_FR\" \/>\n<meta property=\"og:type\" content=\"article\" \/>\n<meta property=\"og:title\" content=\"Synthetic 131F-1 - Roubloff France - pinceaux d&#039;art\" \/>\n<meta property=\"og:description\" content=\"Le pinceau rond avec une longueur courte en synth\u00e9tique jaune rigide est indispensable pour les d\u00e9tails et les reflets. La virole en aluminium anodis\u00e9 fixe solidement les fibres en les prot\u00e9geant des chutes. Le manche court avec rev\u00eatement noir mat vous permet de travailler sur les lignes fines et les d\u00e9tails. Cette s\u00e9rie est utile pour la peinture \u00e0 un ton comme les d\u00e9grad\u00e9s d&#039;eau, les couronnes d&#039;arbres, les nuages, les croquis de personnes et de b\u00e2timents.\" \/>\n<meta property=\"og:url\" content=\"https:\/\/roubloff-france.fr\/Roubloff\/produit\/synthetic-131f-1\/\" \/>\n<meta property=\"og:site_name\" content=\"Roubloff France - pinceaux d&#039;art\" \/>\n<meta property=\"article:publisher\" content=\"https:\/\/www.instagram.com\/roubloff_france\/\" \/>\n<meta property=\"article:modified_time\" content=\"2025-01-30T20:55:19+00:00\" \/>\n<meta property=\"og:image\" content=\"https:\/\/roubloff-france.fr\/Roubloff\/wp-content\/uploads\/2021\/12\/131F-Roubloff-Synthetic.jpg\" \/>\n\t<meta property=\"og:image:width\" content=\"900\" \/>\n\t<meta property=\"og:image:height\" content=\"1000\" \/>\n\t<meta property=\"og:image:type\" content=\"image\/jpeg\" \/>\n<meta name=\"twitter:card\" content=\"summary_large_image\" \/>\n<meta name=\"twitter:label1\" content=\"Dur\u00e9e de lecture estim\u00e9e\" \/>\n\t<meta name=\"twitter:data1\" content=\"1 minute\" \/>\n<script type=\"application\/ld+json\" class=\"yoast-schema-graph\">{\"@context\":\"https:\\\/\\\/schema.org\",\"@graph\":[{\"@type\":\"WebPage\",\"@id\":\"https:\\\/\\\/roubloff-france.fr\\\/Roubloff\\\/produit\\\/synthetic-131f-1\\\/\",\"url\":\"https:\\\/\\\/roubloff-france.fr\\\/Roubloff\\\/produit\\\/synthetic-131f-1\\\/\",\"name\":\"Synthetic 131F-1 - Roubloff France - pinceaux d&#039;art\",\"isPartOf\":{\"@id\":\"https:\\\/\\\/roubloff-france.fr\\\/Roubloff\\\/#website\"},\"primaryImageOfPage\":{\"@id\":\"https:\\\/\\\/roubloff-france.fr\\\/Roubloff\\\/produit\\\/synthetic-131f-1\\\/#primaryimage\"},\"image\":{\"@id\":\"https:\\\/\\\/roubloff-france.fr\\\/Roubloff\\\/produit\\\/synthetic-131f-1\\\/#primaryimage\"},\"thumbnailUrl\":\"https:\\\/\\\/roubloff-france.fr\\\/Roubloff\\\/wp-content\\\/uploads\\\/2021\\\/12\\\/131F-Roubloff-Synthetic.jpg\",\"datePublished\":\"2021-12-16T10:43:56+00:00\",\"dateModified\":\"2025-01-30T20:55:19+00:00\",\"breadcrumb\":{\"@id\":\"https:\\\/\\\/roubloff-france.fr\\\/Roubloff\\\/produit\\\/synthetic-131f-1\\\/#breadcrumb\"},\"inLanguage\":\"fr-FR\",\"potentialAction\":[{\"@type\":\"ReadAction\",\"target\":[\"https:\\\/\\\/roubloff-france.fr\\\/Roubloff\\\/produit\\\/synthetic-131f-1\\\/\"]}]},{\"@type\":\"ImageObject\",\"inLanguage\":\"fr-FR\",\"@id\":\"https:\\\/\\\/roubloff-france.fr\\\/Roubloff\\\/produit\\\/synthetic-131f-1\\\/#primaryimage\",\"url\":\"https:\\\/\\\/roubloff-france.fr\\\/Roubloff\\\/wp-content\\\/uploads\\\/2021\\\/12\\\/131F-Roubloff-Synthetic.jpg\",\"contentUrl\":\"https:\\\/\\\/roubloff-france.fr\\\/Roubloff\\\/wp-content\\\/uploads\\\/2021\\\/12\\\/131F-Roubloff-Synthetic.jpg\",\"width\":900,\"height\":1000,\"caption\":\"131F Roubloff Synthetic\"},{\"@type\":\"BreadcrumbList\",\"@id\":\"https:\\\/\\\/roubloff-france.fr\\\/Roubloff\\\/produit\\\/synthetic-131f-1\\\/#breadcrumb\",\"itemListElement\":[{\"@type\":\"ListItem\",\"position\":1,\"name\":\"Accueil\",\"item\":\"https:\\\/\\\/roubloff-france.fr\\\/Roubloff\\\/\"},{\"@type\":\"ListItem\",\"position\":2,\"name\":\"Les pinceaux Roubloff \u00a9 :\",\"item\":\"https:\\\/\\\/roubloff-france.fr\\\/Roubloff\\\/\"},{\"@type\":\"ListItem\",\"position\":3,\"name\":\"Synthetic 131F-1\"}]},{\"@type\":\"WebSite\",\"@id\":\"https:\\\/\\\/roubloff-france.fr\\\/Roubloff\\\/#website\",\"url\":\"https:\\\/\\\/roubloff-france.fr\\\/Roubloff\\\/\",\"name\":\"Roubloff France - pinceaux d'art\",\"description\":\"Les pinceaux d&#039;art pour les artistes, \u00e9coles d&#039;art, revendeurs\",\"publisher\":{\"@id\":\"https:\\\/\\\/roubloff-france.fr\\\/Roubloff\\\/#organization\"},\"potentialAction\":[{\"@type\":\"SearchAction\",\"target\":{\"@type\":\"EntryPoint\",\"urlTemplate\":\"https:\\\/\\\/roubloff-france.fr\\\/Roubloff\\\/?s={search_term_string}\"},\"query-input\":{\"@type\":\"PropertyValueSpecification\",\"valueRequired\":true,\"valueName\":\"search_term_string\"}}],\"inLanguage\":\"fr-FR\"},{\"@type\":\"Organization\",\"@id\":\"https:\\\/\\\/roubloff-france.fr\\\/Roubloff\\\/#organization\",\"name\":\"Roubloff France - pinceaux d'art\",\"url\":\"https:\\\/\\\/roubloff-france.fr\\\/Roubloff\\\/\",\"logo\":{\"@type\":\"ImageObject\",\"inLanguage\":\"fr-FR\",\"@id\":\"https:\\\/\\\/roubloff-france.fr\\\/Roubloff\\\/#\\\/schema\\\/logo\\\/image\\\/\",\"url\":\"https:\\\/\\\/roubloff-france.fr\\\/Roubloff\\\/wp-content\\\/uploads\\\/2022\\\/01\\\/cropped-Logo-Roubloff-Rouge-avec-filet-blanc-250-p.png\",\"contentUrl\":\"https:\\\/\\\/roubloff-france.fr\\\/Roubloff\\\/wp-content\\\/uploads\\\/2022\\\/01\\\/cropped-Logo-Roubloff-Rouge-avec-filet-blanc-250-p.png\",\"width\":261,\"height\":57,\"caption\":\"Roubloff France - pinceaux d'art\"},\"image\":{\"@id\":\"https:\\\/\\\/roubloff-france.fr\\\/Roubloff\\\/#\\\/schema\\\/logo\\\/image\\\/\"},\"sameAs\":[\"https:\\\/\\\/www.instagram.com\\\/roubloff_france\\\/\"]}]}<\/script>\n<!-- \/ Yoast SEO plugin. -->","yoast_head_json":{"title":"Synthetic 131F-1 - Roubloff France - pinceaux d&#039;art","robots":{"index":"index","follow":"follow","max-snippet":"max-snippet:-1","max-image-preview":"max-image-preview:large","max-video-preview":"max-video-preview:-1"},"canonical":"https:\/\/roubloff-france.fr\/Roubloff\/produit\/synthetic-131f-1\/","og_locale":"fr_FR","og_type":"article","og_title":"Synthetic 131F-1 - Roubloff France - pinceaux d&#039;art","og_description":"Le pinceau rond avec une longueur courte en synth\u00e9tique jaune rigide est indispensable pour les d\u00e9tails et les reflets. La virole en aluminium anodis\u00e9 fixe solidement les fibres en les prot\u00e9geant des chutes. Le manche court avec rev\u00eatement noir mat vous permet de travailler sur les lignes fines et les d\u00e9tails. Cette s\u00e9rie est utile pour la peinture \u00e0 un ton comme les d\u00e9grad\u00e9s d'eau, les couronnes d'arbres, les nuages, les croquis de personnes et de b\u00e2timents.","og_url":"https:\/\/roubloff-france.fr\/Roubloff\/produit\/synthetic-131f-1\/","og_site_name":"Roubloff France - pinceaux d&#039;art","article_publisher":"https:\/\/www.instagram.com\/roubloff_france\/","article_modified_time":"2025-01-30T20:55:19+00:00","og_image":[{"width":900,"height":1000,"url":"https:\/\/roubloff-france.fr\/Roubloff\/wp-content\/uploads\/2021\/12\/131F-Roubloff-Synthetic.jpg","type":"image\/jpeg"}],"twitter_card":"summary_large_image","twitter_misc":{"Dur\u00e9e de lecture estim\u00e9e":"1 minute"},"schema":{"@context":"https:\/\/schema.org","@graph":[{"@type":"WebPage","@id":"https:\/\/roubloff-france.fr\/Roubloff\/produit\/synthetic-131f-1\/","url":"https:\/\/roubloff-france.fr\/Roubloff\/produit\/synthetic-131f-1\/","name":"Synthetic 131F-1 - Roubloff France - pinceaux d&#039;art","isPartOf":{"@id":"https:\/\/roubloff-france.fr\/Roubloff\/#website"},"primaryImageOfPage":{"@id":"https:\/\/roubloff-france.fr\/Roubloff\/produit\/synthetic-131f-1\/#primaryimage"},"image":{"@id":"https:\/\/roubloff-france.fr\/Roubloff\/produit\/synthetic-131f-1\/#primaryimage"},"thumbnailUrl":"https:\/\/roubloff-france.fr\/Roubloff\/wp-content\/uploads\/2021\/12\/131F-Roubloff-Synthetic.jpg","datePublished":"2021-12-16T10:43:56+00:00","dateModified":"2025-01-30T20:55:19+00:00","breadcrumb":{"@id":"https:\/\/roubloff-france.fr\/Roubloff\/produit\/synthetic-131f-1\/#breadcrumb"},"inLanguage":"fr-FR","potentialAction":[{"@type":"ReadAction","target":["https:\/\/roubloff-france.fr\/Roubloff\/produit\/synthetic-131f-1\/"]}]},{"@type":"ImageObject","inLanguage":"fr-FR","@id":"https:\/\/roubloff-france.fr\/Roubloff\/produit\/synthetic-131f-1\/#primaryimage","url":"https:\/\/roubloff-france.fr\/Roubloff\/wp-content\/uploads\/2021\/12\/131F-Roubloff-Synthetic.jpg","contentUrl":"https:\/\/roubloff-france.fr\/Roubloff\/wp-content\/uploads\/2021\/12\/131F-Roubloff-Synthetic.jpg","width":900,"height":1000,"caption":"131F Roubloff Synthetic"},{"@type":"BreadcrumbList","@id":"https:\/\/roubloff-france.fr\/Roubloff\/produit\/synthetic-131f-1\/#breadcrumb","itemListElement":[{"@type":"ListItem","position":1,"name":"Accueil","item":"https:\/\/roubloff-france.fr\/Roubloff\/"},{"@type":"ListItem","position":2,"name":"Les pinceaux Roubloff \u00a9 :","item":"https:\/\/roubloff-france.fr\/Roubloff\/"},{"@type":"ListItem","position":3,"name":"Synthetic 131F-1"}]},{"@type":"WebSite","@id":"https:\/\/roubloff-france.fr\/Roubloff\/#website","url":"https:\/\/roubloff-france.fr\/Roubloff\/","name":"Roubloff France - pinceaux d'art","description":"Les pinceaux d&#039;art pour les artistes, \u00e9coles d&#039;art, revendeurs","publisher":{"@id":"https:\/\/roubloff-france.fr\/Roubloff\/#organization"},"potentialAction":[{"@type":"SearchAction","target":{"@type":"EntryPoint","urlTemplate":"https:\/\/roubloff-france.fr\/Roubloff\/?s={search_term_string}"},"query-input":{"@type":"PropertyValueSpecification","valueRequired":true,"valueName":"search_term_string"}}],"inLanguage":"fr-FR"},{"@type":"Organization","@id":"https:\/\/roubloff-france.fr\/Roubloff\/#organization","name":"Roubloff France - pinceaux d'art","url":"https:\/\/roubloff-france.fr\/Roubloff\/","logo":{"@type":"ImageObject","inLanguage":"fr-FR","@id":"https:\/\/roubloff-france.fr\/Roubloff\/#\/schema\/logo\/image\/","url":"https:\/\/roubloff-france.fr\/Roubloff\/wp-content\/uploads\/2022\/01\/cropped-Logo-Roubloff-Rouge-avec-filet-blanc-250-p.png","contentUrl":"https:\/\/roubloff-france.fr\/Roubloff\/wp-content\/uploads\/2022\/01\/cropped-Logo-Roubloff-Rouge-avec-filet-blanc-250-p.png","width":261,"height":57,"caption":"Roubloff France - pinceaux d'art"},"image":{"@id":"https:\/\/roubloff-france.fr\/Roubloff\/#\/schema\/logo\/image\/"},"sameAs":["https:\/\/www.instagram.com\/roubloff_france\/"]}]}},"_links":{"self":[{"href":"https:\/\/roubloff-france.fr\/Roubloff\/wp-json\/wp\/v2\/product\/347","targetHints":{"allow":["GET"]}}],"collection":[{"href":"https:\/\/roubloff-france.fr\/Roubloff\/wp-json\/wp\/v2\/product"}],"about":[{"href":"https:\/\/roubloff-france.fr\/Roubloff\/wp-json\/wp\/v2\/types\/product"}],"wp:featuredmedia":[{"embeddable":true,"href":"https:\/\/roubloff-france.fr\/Roubloff\/wp-json\/wp\/v2\/media\/348"}],"wp:attachment":[{"href":"https:\/\/roubloff-france.fr\/Roubloff\/wp-json\/wp\/v2\/media?parent=347"}],"wp:term":[{"taxonomy":"product_brand","embeddable":true,"href":"https:\/\/roubloff-france.fr\/Roubloff\/wp-json\/wp\/v2\/product_brand?post=347"},{"taxonomy":"product_cat","embeddable":true,"href":"https:\/\/roubloff-france.fr\/Roubloff\/wp-json\/wp\/v2\/product_cat?post=347"},{"taxonomy":"product_tag","embeddable":true,"href":"https:\/\/roubloff-france.fr\/Roubloff\/wp-json\/wp\/v2\/product_tag?post=347"}],"curies":[{"name":"wp","href":"https:\/\/api.w.org\/{rel}","templated":true}]}}