{"id":343,"date":"2021-12-16T10:38:14","date_gmt":"2021-12-16T09:38:14","guid":{"rendered":"https:\/\/roubloff-france.fr\/Roubloff\/?post_type=product&#038;p=343"},"modified":"2025-09-14T18:51:17","modified_gmt":"2025-09-14T16:51:17","slug":"synthetic-1s1327-24","status":"publish","type":"product","link":"https:\/\/roubloff-france.fr\/Roubloff\/produit\/synthetic-1s1327-24\/","title":{"rendered":"1327-24 &#8211; Synth\u00e9tique"},"content":{"rendered":"<p>Le pinceau plat en synth\u00e9tique rigide jaune vous permet de peindre confortablement sur le chevalet gr\u00e2ce \u00e0 la longueur \u00e9quilibr\u00e9e du manche, ce qui vous permet d&rsquo;\u00e9valuer l&rsquo;ensemble de votre travail dans son ensemble, en gardant la main \u00e0 distance.<\/p>\n<p>La virole en aluminium anodis\u00e9 fixe solidement les fibres avec une poign\u00e9e noire mate.<\/p>\n<p>Il peut cr\u00e9er de larges coups pr\u00e9cis avec le c\u00f4t\u00e9 plat ou des lignes fines avec son bord cisel\u00e9 fin.<\/p>\n<p>Le type de t\u00eate de brosse est con\u00e7u pour la peinture d&rsquo;architecture et la repr\u00e9sentation de v\u00e9hicules de transport. En outre, cette s\u00e9rie peut \u00eatre utilis\u00e9e pour le laquage.<\/p>\n<p><strong>Pinceaux d&rsquo;art<\/strong><\/p>\n<ul>\n<li>Application: Acrylique,Gouache,Huile<\/li>\n<li>Cheveux : Synth\u00e9tiques<\/li>\n<li>Type de cheveux : Synth\u00e9tique jaune<\/li>\n<li>Rigidit\u00e9 : 3<\/li>\n<li>Virole : Or (aluminium anodis\u00e9)<\/li>\n<li>Forme de la t\u00eate de brosse : Plat<\/li>\n<li>Longueur du manche: Long<\/li>\n<li>Tailles : 2, 4, 6, 7, 8, 10, 12, 14, 16, 18, 20, 22, 24, 26, 30, 36<\/li>\n<\/ul>\n<p><strong>Avantages\u00a0:<\/strong><\/p>\n<ul>\n<li>Cheveux de haute qualit\u00e9<\/li>\n<li>Produit d&rsquo;origine<\/li>\n<li>Cheveux trait\u00e9s \u00e0 la main<\/li>\n<\/ul>\n<p>&nbsp;<\/p>\n<hr \/>\n<h2>Synthetic 1327<\/h2>\n<p>Flat brush from yellow stiff synthetic lets you paint comfortably on the easel due to the balanced length of handle, which allows you to assess your entire work as a whole, keeping the hand at a distance.<\/p>\n<p>Anodized aluminum ferrule securely fixes fibres with matt black handle. It can create broad accurate stokes with the flat side or thin lines with its fine chisel edge.<\/p>\n<p>Brush head type is designed for architecture painting and depicting of transport vehicles.<\/p>\n<p>Also, this series can be used for lacquering.<\/p>\n<p>Art brushes<\/p>\n<ul>\n<li>Application: Acrylic,Gouache,Oil<\/li>\n<li>Hair: Synthetic<\/li>\n<li>Hair type: Yellow synthetic<\/li>\n<li>Stiffness: 3<\/li>\n<li>Ferrule: Gold (anodized aluminum)<\/li>\n<li>Brush head shape: Flat<\/li>\n<li>Handle length: Long<\/li>\n<li>Sizes: 2, 4, 6, 7, 8, 10, 12, 14, 16, 18, 20, 22, 24, 26, 30, 36<\/li>\n<\/ul>\n<p>Advantages:<\/p>\n<ul>\n<li>High hair quality<\/li>\n<li>Original product<\/li>\n<li>Hair treated by hand<\/li>\n<\/ul>\n","protected":false},"excerpt":{"rendered":"<p>Le pinceau plat en synth\u00e9tique rigide jaune vous permet de peindre confortablement sur le chevalet gr\u00e2ce \u00e0 la longueur \u00e9quilibr\u00e9e du manche, ce qui vous permet d&rsquo;\u00e9valuer l&rsquo;ensemble de votre travail dans son ensemble, en gardant la main \u00e0 distance.<br \/>\nLa virole en aluminium anodis\u00e9 fixe solidement les fibres avec une poign\u00e9e noire mate.<br \/>\nIl peut cr\u00e9er de larges coups pr\u00e9cis avec le c\u00f4t\u00e9 plat ou des lignes fines avec son bord cisel\u00e9 fin.<br \/>\nLe type de t\u00eate de brosse est con\u00e7u pour la peinture d&rsquo;architecture et la repr\u00e9sentation de v\u00e9hicules de transport. En outre, cette s\u00e9rie peut \u00eatre utilis\u00e9e pour le laquage.<\/p>\n","protected":false},"featured_media":344,"template":"","meta":[],"product_brand":[],"product_cat":[316,247],"product_tag":[317,318,114,115,116,105,106],"class_list":{"0":"post-343","1":"product","2":"type-product","3":"status-publish","4":"has-post-thumbnail","6":"product_cat-316","7":"product_cat-synthetiques-rigides","8":"product_tag-317","9":"product_tag-1327-24","10":"product_tag-acrylique","11":"product_tag-gouache","12":"product_tag-huile","13":"product_tag-synthetic","14":"product_tag-synthetique","16":"first","17":"instock","18":"taxable","19":"shipping-taxable","20":"purchasable","21":"product-type-simple"},"yoast_head":"<!-- This site is optimized with the Yoast SEO plugin v27.3 - https:\/\/yoast.com\/product\/yoast-seo-wordpress\/ -->\n<title>1327-24 - Synth\u00e9tique - Roubloff France - pinceaux d&#039;art<\/title>\n<meta name=\"robots\" content=\"index, follow, max-snippet:-1, max-image-preview:large, max-video-preview:-1\" \/>\n<link rel=\"canonical\" href=\"https:\/\/roubloff-france.fr\/Roubloff\/produit\/synthetic-1s1327-24\/\" \/>\n<meta property=\"og:locale\" content=\"fr_FR\" \/>\n<meta property=\"og:type\" content=\"article\" \/>\n<meta property=\"og:title\" content=\"1327-24 - Synth\u00e9tique - Roubloff France - pinceaux d&#039;art\" \/>\n<meta property=\"og:description\" content=\"Le pinceau plat en synth\u00e9tique rigide jaune vous permet de peindre confortablement sur le chevalet gr\u00e2ce \u00e0 la longueur \u00e9quilibr\u00e9e du manche, ce qui vous permet d&#039;\u00e9valuer l&#039;ensemble de votre travail dans son ensemble, en gardant la main \u00e0 distance. La virole en aluminium anodis\u00e9 fixe solidement les fibres avec une poign\u00e9e noire mate. Il peut cr\u00e9er de larges coups pr\u00e9cis avec le c\u00f4t\u00e9 plat ou des lignes fines avec son bord cisel\u00e9 fin. Le type de t\u00eate de brosse est con\u00e7u pour la peinture d&#039;architecture et la repr\u00e9sentation de v\u00e9hicules de transport. En outre, cette s\u00e9rie peut \u00eatre utilis\u00e9e pour le laquage.\" \/>\n<meta property=\"og:url\" content=\"https:\/\/roubloff-france.fr\/Roubloff\/produit\/synthetic-1s1327-24\/\" \/>\n<meta property=\"og:site_name\" content=\"Roubloff France - pinceaux d&#039;art\" \/>\n<meta property=\"article:publisher\" content=\"https:\/\/www.instagram.com\/roubloff_france\/\" \/>\n<meta property=\"article:modified_time\" content=\"2025-09-14T16:51:17+00:00\" \/>\n<meta property=\"og:image\" content=\"https:\/\/roubloff-france.fr\/Roubloff\/wp-content\/uploads\/2021\/12\/1327-Roubloff-Synthetic.jpg\" \/>\n\t<meta property=\"og:image:width\" content=\"900\" \/>\n\t<meta property=\"og:image:height\" content=\"1000\" \/>\n\t<meta property=\"og:image:type\" content=\"image\/jpeg\" \/>\n<meta name=\"twitter:card\" content=\"summary_large_image\" \/>\n<meta name=\"twitter:label1\" content=\"Dur\u00e9e de lecture estim\u00e9e\" \/>\n\t<meta name=\"twitter:data1\" content=\"1 minute\" \/>\n<script type=\"application\/ld+json\" class=\"yoast-schema-graph\">{\"@context\":\"https:\\\/\\\/schema.org\",\"@graph\":[{\"@type\":\"WebPage\",\"@id\":\"https:\\\/\\\/roubloff-france.fr\\\/Roubloff\\\/produit\\\/synthetic-1s1327-24\\\/\",\"url\":\"https:\\\/\\\/roubloff-france.fr\\\/Roubloff\\\/produit\\\/synthetic-1s1327-24\\\/\",\"name\":\"1327-24 - Synth\u00e9tique - Roubloff France - pinceaux d&#039;art\",\"isPartOf\":{\"@id\":\"https:\\\/\\\/roubloff-france.fr\\\/Roubloff\\\/#website\"},\"primaryImageOfPage\":{\"@id\":\"https:\\\/\\\/roubloff-france.fr\\\/Roubloff\\\/produit\\\/synthetic-1s1327-24\\\/#primaryimage\"},\"image\":{\"@id\":\"https:\\\/\\\/roubloff-france.fr\\\/Roubloff\\\/produit\\\/synthetic-1s1327-24\\\/#primaryimage\"},\"thumbnailUrl\":\"https:\\\/\\\/roubloff-france.fr\\\/Roubloff\\\/wp-content\\\/uploads\\\/2021\\\/12\\\/1327-Roubloff-Synthetic.jpg\",\"datePublished\":\"2021-12-16T09:38:14+00:00\",\"dateModified\":\"2025-09-14T16:51:17+00:00\",\"breadcrumb\":{\"@id\":\"https:\\\/\\\/roubloff-france.fr\\\/Roubloff\\\/produit\\\/synthetic-1s1327-24\\\/#breadcrumb\"},\"inLanguage\":\"fr-FR\",\"potentialAction\":[{\"@type\":\"ReadAction\",\"target\":[\"https:\\\/\\\/roubloff-france.fr\\\/Roubloff\\\/produit\\\/synthetic-1s1327-24\\\/\"]}]},{\"@type\":\"ImageObject\",\"inLanguage\":\"fr-FR\",\"@id\":\"https:\\\/\\\/roubloff-france.fr\\\/Roubloff\\\/produit\\\/synthetic-1s1327-24\\\/#primaryimage\",\"url\":\"https:\\\/\\\/roubloff-france.fr\\\/Roubloff\\\/wp-content\\\/uploads\\\/2021\\\/12\\\/1327-Roubloff-Synthetic.jpg\",\"contentUrl\":\"https:\\\/\\\/roubloff-france.fr\\\/Roubloff\\\/wp-content\\\/uploads\\\/2021\\\/12\\\/1327-Roubloff-Synthetic.jpg\",\"width\":900,\"height\":1000,\"caption\":\"1327 Roubloff Synthetic\"},{\"@type\":\"BreadcrumbList\",\"@id\":\"https:\\\/\\\/roubloff-france.fr\\\/Roubloff\\\/produit\\\/synthetic-1s1327-24\\\/#breadcrumb\",\"itemListElement\":[{\"@type\":\"ListItem\",\"position\":1,\"name\":\"Accueil\",\"item\":\"https:\\\/\\\/roubloff-france.fr\\\/Roubloff\\\/\"},{\"@type\":\"ListItem\",\"position\":2,\"name\":\"Les pinceaux Roubloff \u00a9 :\",\"item\":\"https:\\\/\\\/roubloff-france.fr\\\/Roubloff\\\/\"},{\"@type\":\"ListItem\",\"position\":3,\"name\":\"1327-24 &#8211; Synth\u00e9tique\"}]},{\"@type\":\"WebSite\",\"@id\":\"https:\\\/\\\/roubloff-france.fr\\\/Roubloff\\\/#website\",\"url\":\"https:\\\/\\\/roubloff-france.fr\\\/Roubloff\\\/\",\"name\":\"Roubloff France - pinceaux d'art\",\"description\":\"Les pinceaux d&#039;art pour les artistes, \u00e9coles d&#039;art, revendeurs\",\"publisher\":{\"@id\":\"https:\\\/\\\/roubloff-france.fr\\\/Roubloff\\\/#organization\"},\"potentialAction\":[{\"@type\":\"SearchAction\",\"target\":{\"@type\":\"EntryPoint\",\"urlTemplate\":\"https:\\\/\\\/roubloff-france.fr\\\/Roubloff\\\/?s={search_term_string}\"},\"query-input\":{\"@type\":\"PropertyValueSpecification\",\"valueRequired\":true,\"valueName\":\"search_term_string\"}}],\"inLanguage\":\"fr-FR\"},{\"@type\":\"Organization\",\"@id\":\"https:\\\/\\\/roubloff-france.fr\\\/Roubloff\\\/#organization\",\"name\":\"Roubloff France - pinceaux d'art\",\"url\":\"https:\\\/\\\/roubloff-france.fr\\\/Roubloff\\\/\",\"logo\":{\"@type\":\"ImageObject\",\"inLanguage\":\"fr-FR\",\"@id\":\"https:\\\/\\\/roubloff-france.fr\\\/Roubloff\\\/#\\\/schema\\\/logo\\\/image\\\/\",\"url\":\"https:\\\/\\\/roubloff-france.fr\\\/Roubloff\\\/wp-content\\\/uploads\\\/2022\\\/01\\\/cropped-Logo-Roubloff-Rouge-avec-filet-blanc-250-p.png\",\"contentUrl\":\"https:\\\/\\\/roubloff-france.fr\\\/Roubloff\\\/wp-content\\\/uploads\\\/2022\\\/01\\\/cropped-Logo-Roubloff-Rouge-avec-filet-blanc-250-p.png\",\"width\":261,\"height\":57,\"caption\":\"Roubloff France - pinceaux d'art\"},\"image\":{\"@id\":\"https:\\\/\\\/roubloff-france.fr\\\/Roubloff\\\/#\\\/schema\\\/logo\\\/image\\\/\"},\"sameAs\":[\"https:\\\/\\\/www.instagram.com\\\/roubloff_france\\\/\"]}]}<\/script>\n<!-- \/ Yoast SEO plugin. -->","yoast_head_json":{"title":"1327-24 - Synth\u00e9tique - Roubloff France - pinceaux d&#039;art","robots":{"index":"index","follow":"follow","max-snippet":"max-snippet:-1","max-image-preview":"max-image-preview:large","max-video-preview":"max-video-preview:-1"},"canonical":"https:\/\/roubloff-france.fr\/Roubloff\/produit\/synthetic-1s1327-24\/","og_locale":"fr_FR","og_type":"article","og_title":"1327-24 - Synth\u00e9tique - Roubloff France - pinceaux d&#039;art","og_description":"Le pinceau plat en synth\u00e9tique rigide jaune vous permet de peindre confortablement sur le chevalet gr\u00e2ce \u00e0 la longueur \u00e9quilibr\u00e9e du manche, ce qui vous permet d'\u00e9valuer l'ensemble de votre travail dans son ensemble, en gardant la main \u00e0 distance. La virole en aluminium anodis\u00e9 fixe solidement les fibres avec une poign\u00e9e noire mate. Il peut cr\u00e9er de larges coups pr\u00e9cis avec le c\u00f4t\u00e9 plat ou des lignes fines avec son bord cisel\u00e9 fin. Le type de t\u00eate de brosse est con\u00e7u pour la peinture d'architecture et la repr\u00e9sentation de v\u00e9hicules de transport. En outre, cette s\u00e9rie peut \u00eatre utilis\u00e9e pour le laquage.","og_url":"https:\/\/roubloff-france.fr\/Roubloff\/produit\/synthetic-1s1327-24\/","og_site_name":"Roubloff France - pinceaux d&#039;art","article_publisher":"https:\/\/www.instagram.com\/roubloff_france\/","article_modified_time":"2025-09-14T16:51:17+00:00","og_image":[{"width":900,"height":1000,"url":"https:\/\/roubloff-france.fr\/Roubloff\/wp-content\/uploads\/2021\/12\/1327-Roubloff-Synthetic.jpg","type":"image\/jpeg"}],"twitter_card":"summary_large_image","twitter_misc":{"Dur\u00e9e de lecture estim\u00e9e":"1 minute"},"schema":{"@context":"https:\/\/schema.org","@graph":[{"@type":"WebPage","@id":"https:\/\/roubloff-france.fr\/Roubloff\/produit\/synthetic-1s1327-24\/","url":"https:\/\/roubloff-france.fr\/Roubloff\/produit\/synthetic-1s1327-24\/","name":"1327-24 - Synth\u00e9tique - Roubloff France - pinceaux d&#039;art","isPartOf":{"@id":"https:\/\/roubloff-france.fr\/Roubloff\/#website"},"primaryImageOfPage":{"@id":"https:\/\/roubloff-france.fr\/Roubloff\/produit\/synthetic-1s1327-24\/#primaryimage"},"image":{"@id":"https:\/\/roubloff-france.fr\/Roubloff\/produit\/synthetic-1s1327-24\/#primaryimage"},"thumbnailUrl":"https:\/\/roubloff-france.fr\/Roubloff\/wp-content\/uploads\/2021\/12\/1327-Roubloff-Synthetic.jpg","datePublished":"2021-12-16T09:38:14+00:00","dateModified":"2025-09-14T16:51:17+00:00","breadcrumb":{"@id":"https:\/\/roubloff-france.fr\/Roubloff\/produit\/synthetic-1s1327-24\/#breadcrumb"},"inLanguage":"fr-FR","potentialAction":[{"@type":"ReadAction","target":["https:\/\/roubloff-france.fr\/Roubloff\/produit\/synthetic-1s1327-24\/"]}]},{"@type":"ImageObject","inLanguage":"fr-FR","@id":"https:\/\/roubloff-france.fr\/Roubloff\/produit\/synthetic-1s1327-24\/#primaryimage","url":"https:\/\/roubloff-france.fr\/Roubloff\/wp-content\/uploads\/2021\/12\/1327-Roubloff-Synthetic.jpg","contentUrl":"https:\/\/roubloff-france.fr\/Roubloff\/wp-content\/uploads\/2021\/12\/1327-Roubloff-Synthetic.jpg","width":900,"height":1000,"caption":"1327 Roubloff Synthetic"},{"@type":"BreadcrumbList","@id":"https:\/\/roubloff-france.fr\/Roubloff\/produit\/synthetic-1s1327-24\/#breadcrumb","itemListElement":[{"@type":"ListItem","position":1,"name":"Accueil","item":"https:\/\/roubloff-france.fr\/Roubloff\/"},{"@type":"ListItem","position":2,"name":"Les pinceaux Roubloff \u00a9 :","item":"https:\/\/roubloff-france.fr\/Roubloff\/"},{"@type":"ListItem","position":3,"name":"1327-24 &#8211; Synth\u00e9tique"}]},{"@type":"WebSite","@id":"https:\/\/roubloff-france.fr\/Roubloff\/#website","url":"https:\/\/roubloff-france.fr\/Roubloff\/","name":"Roubloff France - pinceaux d'art","description":"Les pinceaux d&#039;art pour les artistes, \u00e9coles d&#039;art, revendeurs","publisher":{"@id":"https:\/\/roubloff-france.fr\/Roubloff\/#organization"},"potentialAction":[{"@type":"SearchAction","target":{"@type":"EntryPoint","urlTemplate":"https:\/\/roubloff-france.fr\/Roubloff\/?s={search_term_string}"},"query-input":{"@type":"PropertyValueSpecification","valueRequired":true,"valueName":"search_term_string"}}],"inLanguage":"fr-FR"},{"@type":"Organization","@id":"https:\/\/roubloff-france.fr\/Roubloff\/#organization","name":"Roubloff France - pinceaux d'art","url":"https:\/\/roubloff-france.fr\/Roubloff\/","logo":{"@type":"ImageObject","inLanguage":"fr-FR","@id":"https:\/\/roubloff-france.fr\/Roubloff\/#\/schema\/logo\/image\/","url":"https:\/\/roubloff-france.fr\/Roubloff\/wp-content\/uploads\/2022\/01\/cropped-Logo-Roubloff-Rouge-avec-filet-blanc-250-p.png","contentUrl":"https:\/\/roubloff-france.fr\/Roubloff\/wp-content\/uploads\/2022\/01\/cropped-Logo-Roubloff-Rouge-avec-filet-blanc-250-p.png","width":261,"height":57,"caption":"Roubloff France - pinceaux d'art"},"image":{"@id":"https:\/\/roubloff-france.fr\/Roubloff\/#\/schema\/logo\/image\/"},"sameAs":["https:\/\/www.instagram.com\/roubloff_france\/"]}]}},"_links":{"self":[{"href":"https:\/\/roubloff-france.fr\/Roubloff\/wp-json\/wp\/v2\/product\/343","targetHints":{"allow":["GET"]}}],"collection":[{"href":"https:\/\/roubloff-france.fr\/Roubloff\/wp-json\/wp\/v2\/product"}],"about":[{"href":"https:\/\/roubloff-france.fr\/Roubloff\/wp-json\/wp\/v2\/types\/product"}],"wp:featuredmedia":[{"embeddable":true,"href":"https:\/\/roubloff-france.fr\/Roubloff\/wp-json\/wp\/v2\/media\/344"}],"wp:attachment":[{"href":"https:\/\/roubloff-france.fr\/Roubloff\/wp-json\/wp\/v2\/media?parent=343"}],"wp:term":[{"taxonomy":"product_brand","embeddable":true,"href":"https:\/\/roubloff-france.fr\/Roubloff\/wp-json\/wp\/v2\/product_brand?post=343"},{"taxonomy":"product_cat","embeddable":true,"href":"https:\/\/roubloff-france.fr\/Roubloff\/wp-json\/wp\/v2\/product_cat?post=343"},{"taxonomy":"product_tag","embeddable":true,"href":"https:\/\/roubloff-france.fr\/Roubloff\/wp-json\/wp\/v2\/product_tag?post=343"}],"curies":[{"name":"wp","href":"https:\/\/api.w.org\/{rel}","templated":true}]}}