{"id":335,"date":"2021-12-07T09:05:25","date_gmt":"2021-12-07T08:05:25","guid":{"rendered":"https:\/\/roubloff-france.fr\/Roubloff\/?post_type=product&#038;p=335"},"modified":"2025-09-14T16:35:52","modified_gmt":"2025-09-14T14:35:52","slug":"petit-gris-synthetique-serie-5f25c-35","status":"publish","type":"product","link":"https:\/\/roubloff-france.fr\/Roubloff\/produit\/petit-gris-synthetique-serie-5f25c-35\/","title":{"rendered":"5F25C-35 &#8211; Petit Gris Synth\u00e9tique"},"content":{"rendered":"<p><strong>Pinceau Petit Gris Synth\u00e9tique avec une brosse de forme plate de 35 mm dot\u00e9 d\u2019un manche rond en bois noir mat et une virole en argent<\/strong><\/p>\n<p>5F25C &#8211;\u00a0Pinceaux d&rsquo;art<\/p>\n<p>Le pinceau plat en imitation d&rsquo;\u00e9cureuil synth\u00e9tique est un outil irrempla\u00e7able pour humidifier le papier grand format en technique aquarelle, pour les lavages unicolores ou d\u00e9grad\u00e9s, et pour appliquer des rayures avec diverses peintures liquides.<br \/>\nLes poils absorbent l&rsquo;eau et en m\u00eame temps la redonnent bien \u00e0 la toile, ce qui vous permet d&rsquo;appliquer une large couche de peinture d&rsquo;un seul coup et, en plus, d&rsquo;obtenir une forme de tache int\u00e9ressante en tournant la main uniquement.<br \/>\nLa toute nouvelle poign\u00e9e ronde l\u00e9g\u00e8re le rend confortable \u00e0 travailler et vous permet de cr\u00e9er des traits vifs et ornementaux par rotation qui \u00e9largissent les possibilit\u00e9s de l&rsquo;artiste dans la r\u00e9alisation des id\u00e9es.<\/p>\n<pre>Application : aquarelle, peinture, gouache\r\nPoils : synth\u00e9tique\r\nType de poils : imitation \u00e9cureuil\r\nRigidit\u00e9 : 0\r\nVirole : mat (acier)\r\nForme de t\u00eate de brosse : plate\r\nTailles\u00a0: 20 25 30 35 50\r\n\r\nAvantages\u00a0:\r\n- Mat\u00e9riaux de haute qualit\u00e9\r\n- Multifonctionnel\r\n- Produit original\r\n\r\nEn savoir plus : <a href=\"https:\/\/www.roubloff.ru\/en\/catalog\/artbrushes\/5f25c\/\" target=\"_blank\" rel=\"noopener noreferrer\">https:\/\/www.roubloff.ru\/en\/catalog\/artbrushes\/5f25c\/<\/a><\/pre>\n<hr \/>\n<p><strong>Painting brush Roubloff synthetic squirrel imitation with flat 35 mm with a round black matt wooden handle and a silver ferrule<\/strong><\/p>\n<p>Art brushes<\/p>\n<p>Flat painting brush from synthetic squirrel imitation is an irreplaceable tool for moistening large-format paper in watercolor technique, for one-color or gradient washes, and for applying stripes with various liquid paints.<br \/>\nThe hair absorbs water and at the same time gives it out well to the canvas, which lets you apply a wide layer of paint with one stroke and, besides, get an interesting shape of a stain by turning the hand only.<br \/>\nBrand-new light round handle makes it comfortable to work and lets you create vivid and ornemental strokes by rotation that expands opportunities of the artist in realization of the ideas.<\/p>\n<pre>Application: Watercolor,Painting brushes,Gouache\r\nHair: Synthetic\r\nHair type: Squirrel imitation\r\nStiffness: 0\r\nFerrule: Mat (Steel)\r\nBrush head shape: Flat\r\nSizes\u00a0: 20 25 30 35 50\r\n\r\nAdvantages:\r\n- Materials of high quality\r\n- Multifunctional\r\n- Original product\r\n\r\n<\/pre>\n<pre>Learn more: <a href=\"https:\/\/www.roubloff.ru\/en\/catalog\/artbrushes\/5f25c\/\" target=\"_blank\" rel=\"noopener noreferrer\">https:\/\/www.roubloff.ru\/en\/catalog\/artbrushes\/5f25c\/<\/a><\/pre>\n","protected":false},"excerpt":{"rendered":"<p><strong>Pinceau Petit Gris Synth\u00e9tique Roubloff avec une forme plate de 35 mm dot\u00e9 d\u2019un manche rond en bois noir mat et une virole en argent<\/strong><\/p>\n","protected":false},"featured_media":809,"template":"","meta":[],"product_brand":[],"product_cat":[55,235],"product_tag":[56,185,186,30],"class_list":{"0":"post-335","1":"product","2":"type-product","3":"status-publish","4":"has-post-thumbnail","6":"product_cat-serie-5f25c","7":"product_cat-petit-gris-synthetique","8":"product_tag-5f25c","9":"product_tag-5f25c-25","10":"product_tag-5f25c-35","11":"product_tag-petit-gris-synthetique","13":"first","14":"instock","15":"taxable","16":"shipping-taxable","17":"purchasable","18":"product-type-simple"},"yoast_head":"<!-- This site is optimized with the Yoast SEO plugin v27.4 - https:\/\/yoast.com\/product\/yoast-seo-wordpress\/ -->\n<title>5F25C-35 - Petit Gris Synth\u00e9tique - Roubloff France - pinceaux d&#039;art<\/title>\n<meta name=\"description\" content=\"Pinceau Petit Gris Synth\u00e9tique avec une brosse de forme plate de 20 mm dot\u00e9 d\u2019un manche rond en bois noir mat et une virole en argent\" \/>\n<meta name=\"robots\" content=\"index, follow, max-snippet:-1, max-image-preview:large, max-video-preview:-1\" \/>\n<link rel=\"canonical\" href=\"https:\/\/roubloff-france.fr\/Roubloff\/produit\/petit-gris-synthetique-serie-5f25c-35\/\" \/>\n<meta property=\"og:locale\" content=\"fr_FR\" \/>\n<meta property=\"og:type\" content=\"article\" \/>\n<meta property=\"og:title\" content=\"5F25C-35 - Petit Gris Synth\u00e9tique - Roubloff France - pinceaux d&#039;art\" \/>\n<meta property=\"og:description\" content=\"Pinceau Petit Gris Synth\u00e9tique avec une brosse de forme plate de 20 mm dot\u00e9 d\u2019un manche rond en bois noir mat et une virole en argent\" \/>\n<meta property=\"og:url\" content=\"https:\/\/roubloff-france.fr\/Roubloff\/produit\/petit-gris-synthetique-serie-5f25c-35\/\" \/>\n<meta property=\"og:site_name\" content=\"Roubloff France - pinceaux d&#039;art\" \/>\n<meta property=\"article:publisher\" content=\"https:\/\/www.instagram.com\/roubloff_france\/\" \/>\n<meta property=\"article:modified_time\" content=\"2025-09-14T14:35:52+00:00\" \/>\n<meta property=\"og:image\" content=\"https:\/\/roubloff-france.fr\/Roubloff\/wp-content\/uploads\/2025\/05\/5F25C-35_2.jpg\" \/>\n\t<meta property=\"og:image:width\" content=\"900\" \/>\n\t<meta property=\"og:image:height\" content=\"1000\" \/>\n\t<meta property=\"og:image:type\" content=\"image\/jpeg\" \/>\n<meta name=\"twitter:card\" content=\"summary_large_image\" \/>\n<meta name=\"twitter:label1\" content=\"Dur\u00e9e de lecture estim\u00e9e\" \/>\n\t<meta name=\"twitter:data1\" content=\"2 minutes\" \/>\n<script type=\"application\/ld+json\" class=\"yoast-schema-graph\">{\"@context\":\"https:\\\/\\\/schema.org\",\"@graph\":[{\"@type\":\"WebPage\",\"@id\":\"https:\\\/\\\/roubloff-france.fr\\\/Roubloff\\\/produit\\\/petit-gris-synthetique-serie-5f25c-35\\\/\",\"url\":\"https:\\\/\\\/roubloff-france.fr\\\/Roubloff\\\/produit\\\/petit-gris-synthetique-serie-5f25c-35\\\/\",\"name\":\"5F25C-35 - Petit Gris Synth\u00e9tique - Roubloff France - pinceaux d&#039;art\",\"isPartOf\":{\"@id\":\"https:\\\/\\\/roubloff-france.fr\\\/Roubloff\\\/#website\"},\"primaryImageOfPage\":{\"@id\":\"https:\\\/\\\/roubloff-france.fr\\\/Roubloff\\\/produit\\\/petit-gris-synthetique-serie-5f25c-35\\\/#primaryimage\"},\"image\":{\"@id\":\"https:\\\/\\\/roubloff-france.fr\\\/Roubloff\\\/produit\\\/petit-gris-synthetique-serie-5f25c-35\\\/#primaryimage\"},\"thumbnailUrl\":\"https:\\\/\\\/roubloff-france.fr\\\/Roubloff\\\/wp-content\\\/uploads\\\/2025\\\/05\\\/5F25C-35_2.jpg\",\"datePublished\":\"2021-12-07T08:05:25+00:00\",\"dateModified\":\"2025-09-14T14:35:52+00:00\",\"description\":\"Pinceau Petit Gris Synth\u00e9tique avec une brosse de forme plate de 20 mm dot\u00e9 d\u2019un manche rond en bois noir mat et une virole en argent\",\"breadcrumb\":{\"@id\":\"https:\\\/\\\/roubloff-france.fr\\\/Roubloff\\\/produit\\\/petit-gris-synthetique-serie-5f25c-35\\\/#breadcrumb\"},\"inLanguage\":\"fr-FR\",\"potentialAction\":[{\"@type\":\"ReadAction\",\"target\":[\"https:\\\/\\\/roubloff-france.fr\\\/Roubloff\\\/produit\\\/petit-gris-synthetique-serie-5f25c-35\\\/\"]}]},{\"@type\":\"ImageObject\",\"inLanguage\":\"fr-FR\",\"@id\":\"https:\\\/\\\/roubloff-france.fr\\\/Roubloff\\\/produit\\\/petit-gris-synthetique-serie-5f25c-35\\\/#primaryimage\",\"url\":\"https:\\\/\\\/roubloff-france.fr\\\/Roubloff\\\/wp-content\\\/uploads\\\/2025\\\/05\\\/5F25C-35_2.jpg\",\"contentUrl\":\"https:\\\/\\\/roubloff-france.fr\\\/Roubloff\\\/wp-content\\\/uploads\\\/2025\\\/05\\\/5F25C-35_2.jpg\",\"width\":900,\"height\":1000},{\"@type\":\"BreadcrumbList\",\"@id\":\"https:\\\/\\\/roubloff-france.fr\\\/Roubloff\\\/produit\\\/petit-gris-synthetique-serie-5f25c-35\\\/#breadcrumb\",\"itemListElement\":[{\"@type\":\"ListItem\",\"position\":1,\"name\":\"Accueil\",\"item\":\"https:\\\/\\\/roubloff-france.fr\\\/Roubloff\\\/\"},{\"@type\":\"ListItem\",\"position\":2,\"name\":\"Les pinceaux Roubloff \u00a9 :\",\"item\":\"https:\\\/\\\/roubloff-france.fr\\\/Roubloff\\\/\"},{\"@type\":\"ListItem\",\"position\":3,\"name\":\"5F25C-35 &#8211; Petit Gris Synth\u00e9tique\"}]},{\"@type\":\"WebSite\",\"@id\":\"https:\\\/\\\/roubloff-france.fr\\\/Roubloff\\\/#website\",\"url\":\"https:\\\/\\\/roubloff-france.fr\\\/Roubloff\\\/\",\"name\":\"Roubloff France - pinceaux d'art\",\"description\":\"Les pinceaux d&#039;art pour les artistes, \u00e9coles d&#039;art, revendeurs\",\"publisher\":{\"@id\":\"https:\\\/\\\/roubloff-france.fr\\\/Roubloff\\\/#organization\"},\"potentialAction\":[{\"@type\":\"SearchAction\",\"target\":{\"@type\":\"EntryPoint\",\"urlTemplate\":\"https:\\\/\\\/roubloff-france.fr\\\/Roubloff\\\/?s={search_term_string}\"},\"query-input\":{\"@type\":\"PropertyValueSpecification\",\"valueRequired\":true,\"valueName\":\"search_term_string\"}}],\"inLanguage\":\"fr-FR\"},{\"@type\":\"Organization\",\"@id\":\"https:\\\/\\\/roubloff-france.fr\\\/Roubloff\\\/#organization\",\"name\":\"Roubloff France - pinceaux d'art\",\"url\":\"https:\\\/\\\/roubloff-france.fr\\\/Roubloff\\\/\",\"logo\":{\"@type\":\"ImageObject\",\"inLanguage\":\"fr-FR\",\"@id\":\"https:\\\/\\\/roubloff-france.fr\\\/Roubloff\\\/#\\\/schema\\\/logo\\\/image\\\/\",\"url\":\"https:\\\/\\\/roubloff-france.fr\\\/Roubloff\\\/wp-content\\\/uploads\\\/2022\\\/01\\\/cropped-Logo-Roubloff-Rouge-avec-filet-blanc-250-p.png\",\"contentUrl\":\"https:\\\/\\\/roubloff-france.fr\\\/Roubloff\\\/wp-content\\\/uploads\\\/2022\\\/01\\\/cropped-Logo-Roubloff-Rouge-avec-filet-blanc-250-p.png\",\"width\":261,\"height\":57,\"caption\":\"Roubloff France - pinceaux d'art\"},\"image\":{\"@id\":\"https:\\\/\\\/roubloff-france.fr\\\/Roubloff\\\/#\\\/schema\\\/logo\\\/image\\\/\"},\"sameAs\":[\"https:\\\/\\\/www.instagram.com\\\/roubloff_france\\\/\"]}]}<\/script>\n<!-- \/ Yoast SEO plugin. -->","yoast_head_json":{"title":"5F25C-35 - Petit Gris Synth\u00e9tique - Roubloff France - pinceaux d&#039;art","description":"Pinceau Petit Gris Synth\u00e9tique avec une brosse de forme plate de 20 mm dot\u00e9 d\u2019un manche rond en bois noir mat et une virole en argent","robots":{"index":"index","follow":"follow","max-snippet":"max-snippet:-1","max-image-preview":"max-image-preview:large","max-video-preview":"max-video-preview:-1"},"canonical":"https:\/\/roubloff-france.fr\/Roubloff\/produit\/petit-gris-synthetique-serie-5f25c-35\/","og_locale":"fr_FR","og_type":"article","og_title":"5F25C-35 - Petit Gris Synth\u00e9tique - Roubloff France - pinceaux d&#039;art","og_description":"Pinceau Petit Gris Synth\u00e9tique avec une brosse de forme plate de 20 mm dot\u00e9 d\u2019un manche rond en bois noir mat et une virole en argent","og_url":"https:\/\/roubloff-france.fr\/Roubloff\/produit\/petit-gris-synthetique-serie-5f25c-35\/","og_site_name":"Roubloff France - pinceaux d&#039;art","article_publisher":"https:\/\/www.instagram.com\/roubloff_france\/","article_modified_time":"2025-09-14T14:35:52+00:00","og_image":[{"width":900,"height":1000,"url":"https:\/\/roubloff-france.fr\/Roubloff\/wp-content\/uploads\/2025\/05\/5F25C-35_2.jpg","type":"image\/jpeg"}],"twitter_card":"summary_large_image","twitter_misc":{"Dur\u00e9e de lecture estim\u00e9e":"2 minutes"},"schema":{"@context":"https:\/\/schema.org","@graph":[{"@type":"WebPage","@id":"https:\/\/roubloff-france.fr\/Roubloff\/produit\/petit-gris-synthetique-serie-5f25c-35\/","url":"https:\/\/roubloff-france.fr\/Roubloff\/produit\/petit-gris-synthetique-serie-5f25c-35\/","name":"5F25C-35 - Petit Gris Synth\u00e9tique - Roubloff France - pinceaux d&#039;art","isPartOf":{"@id":"https:\/\/roubloff-france.fr\/Roubloff\/#website"},"primaryImageOfPage":{"@id":"https:\/\/roubloff-france.fr\/Roubloff\/produit\/petit-gris-synthetique-serie-5f25c-35\/#primaryimage"},"image":{"@id":"https:\/\/roubloff-france.fr\/Roubloff\/produit\/petit-gris-synthetique-serie-5f25c-35\/#primaryimage"},"thumbnailUrl":"https:\/\/roubloff-france.fr\/Roubloff\/wp-content\/uploads\/2025\/05\/5F25C-35_2.jpg","datePublished":"2021-12-07T08:05:25+00:00","dateModified":"2025-09-14T14:35:52+00:00","description":"Pinceau Petit Gris Synth\u00e9tique avec une brosse de forme plate de 20 mm dot\u00e9 d\u2019un manche rond en bois noir mat et une virole en argent","breadcrumb":{"@id":"https:\/\/roubloff-france.fr\/Roubloff\/produit\/petit-gris-synthetique-serie-5f25c-35\/#breadcrumb"},"inLanguage":"fr-FR","potentialAction":[{"@type":"ReadAction","target":["https:\/\/roubloff-france.fr\/Roubloff\/produit\/petit-gris-synthetique-serie-5f25c-35\/"]}]},{"@type":"ImageObject","inLanguage":"fr-FR","@id":"https:\/\/roubloff-france.fr\/Roubloff\/produit\/petit-gris-synthetique-serie-5f25c-35\/#primaryimage","url":"https:\/\/roubloff-france.fr\/Roubloff\/wp-content\/uploads\/2025\/05\/5F25C-35_2.jpg","contentUrl":"https:\/\/roubloff-france.fr\/Roubloff\/wp-content\/uploads\/2025\/05\/5F25C-35_2.jpg","width":900,"height":1000},{"@type":"BreadcrumbList","@id":"https:\/\/roubloff-france.fr\/Roubloff\/produit\/petit-gris-synthetique-serie-5f25c-35\/#breadcrumb","itemListElement":[{"@type":"ListItem","position":1,"name":"Accueil","item":"https:\/\/roubloff-france.fr\/Roubloff\/"},{"@type":"ListItem","position":2,"name":"Les pinceaux Roubloff \u00a9 :","item":"https:\/\/roubloff-france.fr\/Roubloff\/"},{"@type":"ListItem","position":3,"name":"5F25C-35 &#8211; Petit Gris Synth\u00e9tique"}]},{"@type":"WebSite","@id":"https:\/\/roubloff-france.fr\/Roubloff\/#website","url":"https:\/\/roubloff-france.fr\/Roubloff\/","name":"Roubloff France - pinceaux d'art","description":"Les pinceaux d&#039;art pour les artistes, \u00e9coles d&#039;art, revendeurs","publisher":{"@id":"https:\/\/roubloff-france.fr\/Roubloff\/#organization"},"potentialAction":[{"@type":"SearchAction","target":{"@type":"EntryPoint","urlTemplate":"https:\/\/roubloff-france.fr\/Roubloff\/?s={search_term_string}"},"query-input":{"@type":"PropertyValueSpecification","valueRequired":true,"valueName":"search_term_string"}}],"inLanguage":"fr-FR"},{"@type":"Organization","@id":"https:\/\/roubloff-france.fr\/Roubloff\/#organization","name":"Roubloff France - pinceaux d'art","url":"https:\/\/roubloff-france.fr\/Roubloff\/","logo":{"@type":"ImageObject","inLanguage":"fr-FR","@id":"https:\/\/roubloff-france.fr\/Roubloff\/#\/schema\/logo\/image\/","url":"https:\/\/roubloff-france.fr\/Roubloff\/wp-content\/uploads\/2022\/01\/cropped-Logo-Roubloff-Rouge-avec-filet-blanc-250-p.png","contentUrl":"https:\/\/roubloff-france.fr\/Roubloff\/wp-content\/uploads\/2022\/01\/cropped-Logo-Roubloff-Rouge-avec-filet-blanc-250-p.png","width":261,"height":57,"caption":"Roubloff France - pinceaux d'art"},"image":{"@id":"https:\/\/roubloff-france.fr\/Roubloff\/#\/schema\/logo\/image\/"},"sameAs":["https:\/\/www.instagram.com\/roubloff_france\/"]}]}},"_links":{"self":[{"href":"https:\/\/roubloff-france.fr\/Roubloff\/wp-json\/wp\/v2\/product\/335","targetHints":{"allow":["GET"]}}],"collection":[{"href":"https:\/\/roubloff-france.fr\/Roubloff\/wp-json\/wp\/v2\/product"}],"about":[{"href":"https:\/\/roubloff-france.fr\/Roubloff\/wp-json\/wp\/v2\/types\/product"}],"wp:featuredmedia":[{"embeddable":true,"href":"https:\/\/roubloff-france.fr\/Roubloff\/wp-json\/wp\/v2\/media\/809"}],"wp:attachment":[{"href":"https:\/\/roubloff-france.fr\/Roubloff\/wp-json\/wp\/v2\/media?parent=335"}],"wp:term":[{"taxonomy":"product_brand","embeddable":true,"href":"https:\/\/roubloff-france.fr\/Roubloff\/wp-json\/wp\/v2\/product_brand?post=335"},{"taxonomy":"product_cat","embeddable":true,"href":"https:\/\/roubloff-france.fr\/Roubloff\/wp-json\/wp\/v2\/product_cat?post=335"},{"taxonomy":"product_tag","embeddable":true,"href":"https:\/\/roubloff-france.fr\/Roubloff\/wp-json\/wp\/v2\/product_tag?post=335"}],"curies":[{"name":"wp","href":"https:\/\/api.w.org\/{rel}","templated":true}]}}