{"id":131,"date":"2021-03-20T18:44:13","date_gmt":"2021-03-20T17:44:13","guid":{"rendered":"https:\/\/roubloff-france.fr\/Roubloff\/?post_type=product&#038;p=131"},"modified":"2026-03-30T16:49:12","modified_gmt":"2026-03-30T14:49:12","slug":"roubloff-kolinsky-ps1vt-7","status":"publish","type":"product","link":"https:\/\/roubloff-france.fr\/Roubloff\/produit\/roubloff-kolinsky-ps1vt-7\/","title":{"rendered":"PS1VT-7 &#8211; Pinceau de voyage &#8211; imitation synth\u00e9tique Kolinsky"},"content":{"rendered":"<p><strong>Le pinceau Roubloff imitation synth\u00e9tique Kolinsky PS1VT dispose d\u2019une brosse r\u00e9tractable compos\u00e9e de poils en synth\u00e9tique imitation Kolinsky, de forme ronde, avec une taille unique de 7 mm, \u00a0son manche est chrom\u00e9e r\u00e9tractable avec virole soft-touch tr\u00e8s agr\u00e9able.<\/strong><\/p>\n<p>Les pinceaux de voyage Roubloff sont fabriqu\u00e9s en imitation synth\u00e9tique Kolinsky.<\/p>\n<p>Ces pinceaux moyennement rigides sont id\u00e9aux pour la peinture r\u00e9aliste, les d\u00e9tails, les traits \u00e9pais, les coups secs \u00e0 l&rsquo;aquarelle, la gouache, l&rsquo;acrylique.<\/p>\n<p>Le couvercle de la poign\u00e9e au toucher doux rend le processus de peinture confortable et agr\u00e9able m\u00eame pendant les jours les plus chauds ou les plus froids de plein air.<\/p>\n<p>Le placage au chrome donne \u00e0 la brosse un aspect futuriste et esth\u00e9tique, tout en prolongeant sa dur\u00e9e de vie. Il y a un trou de ventilation dans la partie pliante de la brosse et vous pouvez facilement interpr\u00e9ter les poils utilis\u00e9s dans la brosse simplement en regardant les marques sur le manche.<\/p>\n<p>Le manche est parfaitement \u00e9quilibr\u00e9 et a une forme id\u00e9ale, ce qui permet \u00e0 l&rsquo;artiste de peindre r\u00e9guli\u00e8rement.<\/p>\n<p style=\"padding-left: 40px\">\u2022 Type : pinceaux d&rsquo;art<\/p>\n<p style=\"padding-left: 40px\">\u2022 Application : aquarelle, acrylique, gouache<\/p>\n<p style=\"padding-left: 40px\">\u2022 Poils : synth\u00e9tique<\/p>\n<p style=\"padding-left: 40px\">\u2022 Type de poils : imitation Kolinsky<\/p>\n<p style=\"padding-left: 40px\">\u2022 Rigidit\u00e9 : 2<\/p>\n<p style=\"padding-left: 40px\">\u2022 Virole : toucher doux \u2013 soft-touch<\/p>\n<p style=\"padding-left: 40px\">\u2022 Forme de la t\u00eate de brosse : ronde<\/p>\n<p style=\"padding-left: 40px\">\u2022 Longueur du manche : court<\/p>\n<p style=\"padding-left: 40px\">\u2022 Type : facile \u00e0 transporter<\/p>\n<p style=\"padding-left: 40px\">\u2022 Taille unique : 7<\/p>\n<p style=\"padding-left: 40px\">\u2022 Avantages:<\/p>\n<p style=\"padding-left: 80px\">o Rev\u00eatement doux au toucher unique<\/p>\n<p style=\"padding-left: 80px\">o Conception \u00e9l\u00e9gante et \u00e9labor\u00e9e<\/p>\n<p style=\"padding-left: 80px\">o Protection des poils en touffe de brosse d\u00e9licate<\/p>\n","protected":false},"excerpt":{"rendered":"<p><strong>Le pinceau Roubloff imitation synth\u00e9tique Kolinsky PS1VT dispose d\u2019une brosse r\u00e9tractable compos\u00e9e de poils en synth\u00e9tique imitation Kolinsky, de forme ronde, avec une taille unique de 7 mm, \u00a0son manche est chrom\u00e9e r\u00e9tractable avec virole soft-touch tr\u00e8s agr\u00e9able.<\/strong><\/p>\n","protected":false},"featured_media":166,"template":"","meta":[],"product_brand":[],"product_cat":[152,233],"product_tag":[120,315,43,121,122,106],"class_list":{"0":"post-131","1":"product","2":"type-product","3":"status-publish","4":"has-post-thumbnail","6":"product_cat-pinceaux-de-voyage","7":"product_cat-ps1vt-pinceaux-de-voyage","8":"product_tag-imitation-kolinsky","9":"product_tag-pinceau-de-voyage","10":"product_tag-pinceaux-dart","11":"product_tag-ps1vt","12":"product_tag-ps1vt-7","13":"product_tag-synthetique","15":"first","16":"outofstock","17":"taxable","18":"shipping-taxable","19":"purchasable","20":"product-type-simple"},"yoast_head":"<!-- This site is optimized with the Yoast SEO plugin v27.3 - https:\/\/yoast.com\/product\/yoast-seo-wordpress\/ -->\n<title>PS1VT-7 - Pinceau de voyage - imitation synth\u00e9tique Kolinsky - Roubloff France - pinceaux d&#039;art<\/title>\n<meta name=\"description\" content=\"Le pinceau Roubloff Kolinsky PS1VT dispose d\u2019une brosse r\u00e9tractable compos\u00e9e\u00a0de poils en synth\u00e9tique imitation Kolinsky. Roubloff France - pinceaux d&#039;art\" \/>\n<meta name=\"robots\" content=\"index, follow, max-snippet:-1, max-image-preview:large, max-video-preview:-1\" \/>\n<link rel=\"canonical\" href=\"https:\/\/roubloff-france.fr\/Roubloff\/produit\/roubloff-kolinsky-ps1vt-7\/\" \/>\n<meta property=\"og:locale\" content=\"fr_FR\" \/>\n<meta property=\"og:type\" content=\"article\" \/>\n<meta property=\"og:title\" content=\"PS1VT-7 - Pinceau de voyage - imitation synth\u00e9tique Kolinsky - Roubloff France - pinceaux d&#039;art\" \/>\n<meta property=\"og:description\" content=\"Le pinceau Roubloff Kolinsky PS1VT dispose d\u2019une brosse r\u00e9tractable compos\u00e9e\u00a0de poils en synth\u00e9tique imitation Kolinsky. Roubloff France - pinceaux d&#039;art\" \/>\n<meta property=\"og:url\" content=\"https:\/\/roubloff-france.fr\/Roubloff\/produit\/roubloff-kolinsky-ps1vt-7\/\" \/>\n<meta property=\"og:site_name\" content=\"Roubloff France - pinceaux d&#039;art\" \/>\n<meta property=\"article:publisher\" content=\"https:\/\/www.instagram.com\/roubloff_france\/\" \/>\n<meta property=\"article:modified_time\" content=\"2026-03-30T14:49:12+00:00\" \/>\n<meta property=\"og:image\" content=\"https:\/\/roubloff-france.fr\/Roubloff\/wp-content\/uploads\/2021\/03\/PS1VT-1.jpg\" \/>\n\t<meta property=\"og:image:width\" content=\"900\" \/>\n\t<meta property=\"og:image:height\" content=\"1000\" \/>\n\t<meta property=\"og:image:type\" content=\"image\/jpeg\" \/>\n<meta name=\"twitter:card\" content=\"summary_large_image\" \/>\n<meta name=\"twitter:label1\" content=\"Dur\u00e9e de lecture estim\u00e9e\" \/>\n\t<meta name=\"twitter:data1\" content=\"1 minute\" \/>\n<script type=\"application\/ld+json\" class=\"yoast-schema-graph\">{\"@context\":\"https:\\\/\\\/schema.org\",\"@graph\":[{\"@type\":\"WebPage\",\"@id\":\"https:\\\/\\\/roubloff-france.fr\\\/Roubloff\\\/produit\\\/roubloff-kolinsky-ps1vt-7\\\/\",\"url\":\"https:\\\/\\\/roubloff-france.fr\\\/Roubloff\\\/produit\\\/roubloff-kolinsky-ps1vt-7\\\/\",\"name\":\"PS1VT-7 - Pinceau de voyage - imitation synth\u00e9tique Kolinsky - Roubloff France - pinceaux d&#039;art\",\"isPartOf\":{\"@id\":\"https:\\\/\\\/roubloff-france.fr\\\/Roubloff\\\/#website\"},\"primaryImageOfPage\":{\"@id\":\"https:\\\/\\\/roubloff-france.fr\\\/Roubloff\\\/produit\\\/roubloff-kolinsky-ps1vt-7\\\/#primaryimage\"},\"image\":{\"@id\":\"https:\\\/\\\/roubloff-france.fr\\\/Roubloff\\\/produit\\\/roubloff-kolinsky-ps1vt-7\\\/#primaryimage\"},\"thumbnailUrl\":\"https:\\\/\\\/roubloff-france.fr\\\/Roubloff\\\/wp-content\\\/uploads\\\/2021\\\/03\\\/PS1VT-1.jpg\",\"datePublished\":\"2021-03-20T17:44:13+00:00\",\"dateModified\":\"2026-03-30T14:49:12+00:00\",\"description\":\"Le pinceau Roubloff Kolinsky PS1VT dispose d\u2019une brosse r\u00e9tractable compos\u00e9e\u00a0de poils en synth\u00e9tique imitation Kolinsky. Roubloff France - pinceaux d&#039;art\",\"breadcrumb\":{\"@id\":\"https:\\\/\\\/roubloff-france.fr\\\/Roubloff\\\/produit\\\/roubloff-kolinsky-ps1vt-7\\\/#breadcrumb\"},\"inLanguage\":\"fr-FR\",\"potentialAction\":[{\"@type\":\"ReadAction\",\"target\":[\"https:\\\/\\\/roubloff-france.fr\\\/Roubloff\\\/produit\\\/roubloff-kolinsky-ps1vt-7\\\/\"]}]},{\"@type\":\"ImageObject\",\"inLanguage\":\"fr-FR\",\"@id\":\"https:\\\/\\\/roubloff-france.fr\\\/Roubloff\\\/produit\\\/roubloff-kolinsky-ps1vt-7\\\/#primaryimage\",\"url\":\"https:\\\/\\\/roubloff-france.fr\\\/Roubloff\\\/wp-content\\\/uploads\\\/2021\\\/03\\\/PS1VT-1.jpg\",\"contentUrl\":\"https:\\\/\\\/roubloff-france.fr\\\/Roubloff\\\/wp-content\\\/uploads\\\/2021\\\/03\\\/PS1VT-1.jpg\",\"width\":900,\"height\":1000},{\"@type\":\"BreadcrumbList\",\"@id\":\"https:\\\/\\\/roubloff-france.fr\\\/Roubloff\\\/produit\\\/roubloff-kolinsky-ps1vt-7\\\/#breadcrumb\",\"itemListElement\":[{\"@type\":\"ListItem\",\"position\":1,\"name\":\"Accueil\",\"item\":\"https:\\\/\\\/roubloff-france.fr\\\/Roubloff\\\/\"},{\"@type\":\"ListItem\",\"position\":2,\"name\":\"Les pinceaux Roubloff \u00a9 :\",\"item\":\"https:\\\/\\\/roubloff-france.fr\\\/Roubloff\\\/\"},{\"@type\":\"ListItem\",\"position\":3,\"name\":\"PS1VT-7 &#8211; Pinceau de voyage &#8211; imitation synth\u00e9tique Kolinsky\"}]},{\"@type\":\"WebSite\",\"@id\":\"https:\\\/\\\/roubloff-france.fr\\\/Roubloff\\\/#website\",\"url\":\"https:\\\/\\\/roubloff-france.fr\\\/Roubloff\\\/\",\"name\":\"Roubloff France - pinceaux d'art\",\"description\":\"Les pinceaux d&#039;art pour les artistes, \u00e9coles d&#039;art, revendeurs\",\"publisher\":{\"@id\":\"https:\\\/\\\/roubloff-france.fr\\\/Roubloff\\\/#organization\"},\"potentialAction\":[{\"@type\":\"SearchAction\",\"target\":{\"@type\":\"EntryPoint\",\"urlTemplate\":\"https:\\\/\\\/roubloff-france.fr\\\/Roubloff\\\/?s={search_term_string}\"},\"query-input\":{\"@type\":\"PropertyValueSpecification\",\"valueRequired\":true,\"valueName\":\"search_term_string\"}}],\"inLanguage\":\"fr-FR\"},{\"@type\":\"Organization\",\"@id\":\"https:\\\/\\\/roubloff-france.fr\\\/Roubloff\\\/#organization\",\"name\":\"Roubloff France - pinceaux d'art\",\"url\":\"https:\\\/\\\/roubloff-france.fr\\\/Roubloff\\\/\",\"logo\":{\"@type\":\"ImageObject\",\"inLanguage\":\"fr-FR\",\"@id\":\"https:\\\/\\\/roubloff-france.fr\\\/Roubloff\\\/#\\\/schema\\\/logo\\\/image\\\/\",\"url\":\"https:\\\/\\\/roubloff-france.fr\\\/Roubloff\\\/wp-content\\\/uploads\\\/2022\\\/01\\\/cropped-Logo-Roubloff-Rouge-avec-filet-blanc-250-p.png\",\"contentUrl\":\"https:\\\/\\\/roubloff-france.fr\\\/Roubloff\\\/wp-content\\\/uploads\\\/2022\\\/01\\\/cropped-Logo-Roubloff-Rouge-avec-filet-blanc-250-p.png\",\"width\":261,\"height\":57,\"caption\":\"Roubloff France - pinceaux d'art\"},\"image\":{\"@id\":\"https:\\\/\\\/roubloff-france.fr\\\/Roubloff\\\/#\\\/schema\\\/logo\\\/image\\\/\"},\"sameAs\":[\"https:\\\/\\\/www.instagram.com\\\/roubloff_france\\\/\"]}]}<\/script>\n<!-- \/ Yoast SEO plugin. -->","yoast_head_json":{"title":"PS1VT-7 - Pinceau de voyage - imitation synth\u00e9tique Kolinsky - Roubloff France - pinceaux d&#039;art","description":"Le pinceau Roubloff Kolinsky PS1VT dispose d\u2019une brosse r\u00e9tractable compos\u00e9e\u00a0de poils en synth\u00e9tique imitation Kolinsky. Roubloff France - pinceaux d&#039;art","robots":{"index":"index","follow":"follow","max-snippet":"max-snippet:-1","max-image-preview":"max-image-preview:large","max-video-preview":"max-video-preview:-1"},"canonical":"https:\/\/roubloff-france.fr\/Roubloff\/produit\/roubloff-kolinsky-ps1vt-7\/","og_locale":"fr_FR","og_type":"article","og_title":"PS1VT-7 - Pinceau de voyage - imitation synth\u00e9tique Kolinsky - Roubloff France - pinceaux d&#039;art","og_description":"Le pinceau Roubloff Kolinsky PS1VT dispose d\u2019une brosse r\u00e9tractable compos\u00e9e\u00a0de poils en synth\u00e9tique imitation Kolinsky. Roubloff France - pinceaux d&#039;art","og_url":"https:\/\/roubloff-france.fr\/Roubloff\/produit\/roubloff-kolinsky-ps1vt-7\/","og_site_name":"Roubloff France - pinceaux d&#039;art","article_publisher":"https:\/\/www.instagram.com\/roubloff_france\/","article_modified_time":"2026-03-30T14:49:12+00:00","og_image":[{"width":900,"height":1000,"url":"https:\/\/roubloff-france.fr\/Roubloff\/wp-content\/uploads\/2021\/03\/PS1VT-1.jpg","type":"image\/jpeg"}],"twitter_card":"summary_large_image","twitter_misc":{"Dur\u00e9e de lecture estim\u00e9e":"1 minute"},"schema":{"@context":"https:\/\/schema.org","@graph":[{"@type":"WebPage","@id":"https:\/\/roubloff-france.fr\/Roubloff\/produit\/roubloff-kolinsky-ps1vt-7\/","url":"https:\/\/roubloff-france.fr\/Roubloff\/produit\/roubloff-kolinsky-ps1vt-7\/","name":"PS1VT-7 - Pinceau de voyage - imitation synth\u00e9tique Kolinsky - Roubloff France - pinceaux d&#039;art","isPartOf":{"@id":"https:\/\/roubloff-france.fr\/Roubloff\/#website"},"primaryImageOfPage":{"@id":"https:\/\/roubloff-france.fr\/Roubloff\/produit\/roubloff-kolinsky-ps1vt-7\/#primaryimage"},"image":{"@id":"https:\/\/roubloff-france.fr\/Roubloff\/produit\/roubloff-kolinsky-ps1vt-7\/#primaryimage"},"thumbnailUrl":"https:\/\/roubloff-france.fr\/Roubloff\/wp-content\/uploads\/2021\/03\/PS1VT-1.jpg","datePublished":"2021-03-20T17:44:13+00:00","dateModified":"2026-03-30T14:49:12+00:00","description":"Le pinceau Roubloff Kolinsky PS1VT dispose d\u2019une brosse r\u00e9tractable compos\u00e9e\u00a0de poils en synth\u00e9tique imitation Kolinsky. Roubloff France - pinceaux d&#039;art","breadcrumb":{"@id":"https:\/\/roubloff-france.fr\/Roubloff\/produit\/roubloff-kolinsky-ps1vt-7\/#breadcrumb"},"inLanguage":"fr-FR","potentialAction":[{"@type":"ReadAction","target":["https:\/\/roubloff-france.fr\/Roubloff\/produit\/roubloff-kolinsky-ps1vt-7\/"]}]},{"@type":"ImageObject","inLanguage":"fr-FR","@id":"https:\/\/roubloff-france.fr\/Roubloff\/produit\/roubloff-kolinsky-ps1vt-7\/#primaryimage","url":"https:\/\/roubloff-france.fr\/Roubloff\/wp-content\/uploads\/2021\/03\/PS1VT-1.jpg","contentUrl":"https:\/\/roubloff-france.fr\/Roubloff\/wp-content\/uploads\/2021\/03\/PS1VT-1.jpg","width":900,"height":1000},{"@type":"BreadcrumbList","@id":"https:\/\/roubloff-france.fr\/Roubloff\/produit\/roubloff-kolinsky-ps1vt-7\/#breadcrumb","itemListElement":[{"@type":"ListItem","position":1,"name":"Accueil","item":"https:\/\/roubloff-france.fr\/Roubloff\/"},{"@type":"ListItem","position":2,"name":"Les pinceaux Roubloff \u00a9 :","item":"https:\/\/roubloff-france.fr\/Roubloff\/"},{"@type":"ListItem","position":3,"name":"PS1VT-7 &#8211; Pinceau de voyage &#8211; imitation synth\u00e9tique Kolinsky"}]},{"@type":"WebSite","@id":"https:\/\/roubloff-france.fr\/Roubloff\/#website","url":"https:\/\/roubloff-france.fr\/Roubloff\/","name":"Roubloff France - pinceaux d'art","description":"Les pinceaux d&#039;art pour les artistes, \u00e9coles d&#039;art, revendeurs","publisher":{"@id":"https:\/\/roubloff-france.fr\/Roubloff\/#organization"},"potentialAction":[{"@type":"SearchAction","target":{"@type":"EntryPoint","urlTemplate":"https:\/\/roubloff-france.fr\/Roubloff\/?s={search_term_string}"},"query-input":{"@type":"PropertyValueSpecification","valueRequired":true,"valueName":"search_term_string"}}],"inLanguage":"fr-FR"},{"@type":"Organization","@id":"https:\/\/roubloff-france.fr\/Roubloff\/#organization","name":"Roubloff France - pinceaux d'art","url":"https:\/\/roubloff-france.fr\/Roubloff\/","logo":{"@type":"ImageObject","inLanguage":"fr-FR","@id":"https:\/\/roubloff-france.fr\/Roubloff\/#\/schema\/logo\/image\/","url":"https:\/\/roubloff-france.fr\/Roubloff\/wp-content\/uploads\/2022\/01\/cropped-Logo-Roubloff-Rouge-avec-filet-blanc-250-p.png","contentUrl":"https:\/\/roubloff-france.fr\/Roubloff\/wp-content\/uploads\/2022\/01\/cropped-Logo-Roubloff-Rouge-avec-filet-blanc-250-p.png","width":261,"height":57,"caption":"Roubloff France - pinceaux d'art"},"image":{"@id":"https:\/\/roubloff-france.fr\/Roubloff\/#\/schema\/logo\/image\/"},"sameAs":["https:\/\/www.instagram.com\/roubloff_france\/"]}]}},"_links":{"self":[{"href":"https:\/\/roubloff-france.fr\/Roubloff\/wp-json\/wp\/v2\/product\/131","targetHints":{"allow":["GET"]}}],"collection":[{"href":"https:\/\/roubloff-france.fr\/Roubloff\/wp-json\/wp\/v2\/product"}],"about":[{"href":"https:\/\/roubloff-france.fr\/Roubloff\/wp-json\/wp\/v2\/types\/product"}],"wp:featuredmedia":[{"embeddable":true,"href":"https:\/\/roubloff-france.fr\/Roubloff\/wp-json\/wp\/v2\/media\/166"}],"wp:attachment":[{"href":"https:\/\/roubloff-france.fr\/Roubloff\/wp-json\/wp\/v2\/media?parent=131"}],"wp:term":[{"taxonomy":"product_brand","embeddable":true,"href":"https:\/\/roubloff-france.fr\/Roubloff\/wp-json\/wp\/v2\/product_brand?post=131"},{"taxonomy":"product_cat","embeddable":true,"href":"https:\/\/roubloff-france.fr\/Roubloff\/wp-json\/wp\/v2\/product_cat?post=131"},{"taxonomy":"product_tag","embeddable":true,"href":"https:\/\/roubloff-france.fr\/Roubloff\/wp-json\/wp\/v2\/product_tag?post=131"}],"curies":[{"name":"wp","href":"https:\/\/api.w.org\/{rel}","templated":true}]}}