{"id":122,"date":"2021-03-20T18:44:12","date_gmt":"2021-03-20T17:44:12","guid":{"rendered":"https:\/\/roubloff-france.fr\/Roubloff\/?post_type=product&#038;p=122"},"modified":"2026-02-01T15:27:20","modified_gmt":"2026-02-01T14:27:20","slug":"aqua-wide-flat-50","status":"publish","type":"product","link":"https:\/\/roubloff-france.fr\/Roubloff\/produit\/aqua-wide-flat-50\/","title":{"rendered":"Aqua wide flat &#8211; 50"},"content":{"rendered":"<h3>Pinceau Roubloff \u00ab\u00a0Aqua wide flat\u00bb est en poils de ch\u00e8vre blanc de forme plate de 35 ou 50 mm avec manche court en plexiglas et d\u2019une virole en acier inoxydable.<\/h3>\n<p>La brosse large et plate en poil de ch\u00e8vre blanc est con\u00e7ue pour mouiller le papier en technique humide sur humide, pour le travail de couleur et cr\u00e9er des d\u00e9grad\u00e9s sans d\u00e9faut. La couleur des poils blancs aide \u00e0 identifier l&rsquo;intensit\u00e9 et la quantit\u00e9 de peinture.<\/p>\n<p>La brosse hygroscopique est mouillable rapidement, elle absorbe une grande quantit\u00e9 d&rsquo;eau et la restitue progressivement sur le papier.\u00a0Les poils sont doux et n&rsquo;endommagent pas le papier et la surface peinte.<\/p>\n<p>La poign\u00e9e courte en plexiglas augmente la capacit\u00e9 de man\u0153uvre.\u00a0La portabilit\u00e9 des pinceaux r\u00e9pond parfaitement aux besoins des artistes de plein air.<\/p>\n<p>La virole de brosse durable est en acier inoxydable.<\/p>\n<ul>\n<li>Type : Pinceaux d&rsquo;art<\/li>\n<li>Application : Aquarelle, Aqua<\/li>\n<li>Poils : Naturel<\/li>\n<li>Type de poils : Ch\u00e8vre blanche<\/li>\n<li>Virole : Mat (acier)<\/li>\n<li>Forme de la t\u00eate de brosse : Pinceau de peinture<\/li>\n<li>Tailles\u00a0: 35 et 50<\/li>\n<\/ul>\n<hr \/>\n<h3>Aqua wide flat<\/h3>\n<p>Wide flat brush from white goat hair is designed for wetting the paper in wet-on-wet technique, for color work and creating flawless gradients. White hair color helps to identify intensity and quantity of paint.<\/p>\n<p>Hydroscopic brush is fast wettable, it absorbs great amount of water and gradually gives it back on the paper. Soft hair doesn\u2019t damage the paper and painted surface.<\/p>\n<p>Short Plexiglas handle increases maneuvering ability. Brush portability perfectly serves the needs of plein-air artists. Durable brush ferrule is made of stainless still.<\/p>\n<ul>\n<li>Type: Art brushes<\/li>\n<li>Application: Watercolor, Aqua<\/li>\n<li>Hair: Natural<\/li>\n<li>Hair type: White goat<\/li>\n<li>Ferrule: Mat (Steel)<\/li>\n<li>Brush head shape: Painting brush<\/li>\n<li>Sizes: 35, 50<\/li>\n<\/ul>\n","protected":false},"excerpt":{"rendered":"<h3>Pinceau Roubloff \u00ab\u00a0Aqua wide flat\u00bb est en poils de ch\u00e8vre blanc de forme plate de 35 ou 50 mm avec manche court en plexiglas et d\u2019une virole en acier inoxydable.<\/h3>\n","protected":false},"featured_media":155,"template":"","meta":[],"product_brand":[],"product_cat":[94,16],"product_tag":[95,60],"class_list":{"0":"post-122","1":"product","2":"type-product","3":"status-publish","4":"has-post-thumbnail","6":"product_cat-aqua-wide-flat","7":"product_cat-les-pinceaux-dart-roubloff","8":"product_tag-aqua-wide-flat","9":"product_tag-chevre-blanc","11":"first","12":"outofstock","13":"taxable","14":"shipping-taxable","15":"purchasable","16":"product-type-simple"},"yoast_head":"<!-- This site is optimized with the Yoast SEO plugin v27.3 - https:\/\/yoast.com\/product\/yoast-seo-wordpress\/ -->\n<title>Aqua wide flat - 50 - Roubloff France - pinceaux d&#039;art<\/title>\n<meta name=\"description\" content=\"Pinceau Roubloff \u00ab\u00a0Aqua wide flat\u00bb est en poils de ch\u00e8vre blanc de forme plate de 35 ou 50 mm avec manche court en plexiglas et d\u2019une virole en acier inoxydable.\" \/>\n<meta name=\"robots\" content=\"index, follow, max-snippet:-1, max-image-preview:large, max-video-preview:-1\" \/>\n<link rel=\"canonical\" href=\"https:\/\/roubloff-france.fr\/Roubloff\/produit\/aqua-wide-flat-50\/\" \/>\n<meta property=\"og:locale\" content=\"fr_FR\" \/>\n<meta property=\"og:type\" content=\"article\" \/>\n<meta property=\"og:title\" content=\"Aqua wide flat - 50 - Roubloff France - pinceaux d&#039;art\" \/>\n<meta property=\"og:description\" content=\"Pinceau Roubloff \u00ab\u00a0Aqua wide flat\u00bb est en poils de ch\u00e8vre blanc de forme plate de 35 ou 50 mm avec manche court en plexiglas et d\u2019une virole en acier inoxydable.\" \/>\n<meta property=\"og:url\" content=\"https:\/\/roubloff-france.fr\/Roubloff\/produit\/aqua-wide-flat-50\/\" \/>\n<meta property=\"og:site_name\" content=\"Roubloff France - pinceaux d&#039;art\" \/>\n<meta property=\"article:publisher\" content=\"https:\/\/www.instagram.com\/roubloff_france\/\" \/>\n<meta property=\"article:modified_time\" content=\"2026-02-01T14:27:20+00:00\" \/>\n<meta property=\"og:image\" content=\"http:\/\/roubloff-france.fr\/Roubloff\/wp-content\/uploads\/2021\/03\/Aqua-wide-flat-1.jpg\" \/>\n\t<meta property=\"og:image:width\" content=\"900\" \/>\n\t<meta property=\"og:image:height\" content=\"1000\" \/>\n\t<meta property=\"og:image:type\" content=\"image\/jpeg\" \/>\n<meta name=\"twitter:card\" content=\"summary_large_image\" \/>\n<meta name=\"twitter:label1\" content=\"Dur\u00e9e de lecture estim\u00e9e\" \/>\n\t<meta name=\"twitter:data1\" content=\"1 minute\" \/>\n<script type=\"application\/ld+json\" class=\"yoast-schema-graph\">{\"@context\":\"https:\\\/\\\/schema.org\",\"@graph\":[{\"@type\":\"WebPage\",\"@id\":\"https:\\\/\\\/roubloff-france.fr\\\/Roubloff\\\/produit\\\/aqua-wide-flat-50\\\/\",\"url\":\"https:\\\/\\\/roubloff-france.fr\\\/Roubloff\\\/produit\\\/aqua-wide-flat-50\\\/\",\"name\":\"Aqua wide flat - 50 - Roubloff France - pinceaux d&#039;art\",\"isPartOf\":{\"@id\":\"https:\\\/\\\/roubloff-france.fr\\\/Roubloff\\\/#website\"},\"primaryImageOfPage\":{\"@id\":\"https:\\\/\\\/roubloff-france.fr\\\/Roubloff\\\/produit\\\/aqua-wide-flat-50\\\/#primaryimage\"},\"image\":{\"@id\":\"https:\\\/\\\/roubloff-france.fr\\\/Roubloff\\\/produit\\\/aqua-wide-flat-50\\\/#primaryimage\"},\"thumbnailUrl\":\"https:\\\/\\\/roubloff-france.fr\\\/Roubloff\\\/wp-content\\\/uploads\\\/2021\\\/03\\\/Aqua-wide-flat-1.jpg\",\"datePublished\":\"2021-03-20T17:44:12+00:00\",\"dateModified\":\"2026-02-01T14:27:20+00:00\",\"description\":\"Pinceau Roubloff \u00ab\u00a0Aqua wide flat\u00bb est en poils de ch\u00e8vre blanc de forme plate de 35 ou 50 mm avec manche court en plexiglas et d\u2019une virole en acier inoxydable.\",\"breadcrumb\":{\"@id\":\"https:\\\/\\\/roubloff-france.fr\\\/Roubloff\\\/produit\\\/aqua-wide-flat-50\\\/#breadcrumb\"},\"inLanguage\":\"fr-FR\",\"potentialAction\":[{\"@type\":\"ReadAction\",\"target\":[\"https:\\\/\\\/roubloff-france.fr\\\/Roubloff\\\/produit\\\/aqua-wide-flat-50\\\/\"]}]},{\"@type\":\"ImageObject\",\"inLanguage\":\"fr-FR\",\"@id\":\"https:\\\/\\\/roubloff-france.fr\\\/Roubloff\\\/produit\\\/aqua-wide-flat-50\\\/#primaryimage\",\"url\":\"https:\\\/\\\/roubloff-france.fr\\\/Roubloff\\\/wp-content\\\/uploads\\\/2021\\\/03\\\/Aqua-wide-flat-1.jpg\",\"contentUrl\":\"https:\\\/\\\/roubloff-france.fr\\\/Roubloff\\\/wp-content\\\/uploads\\\/2021\\\/03\\\/Aqua-wide-flat-1.jpg\",\"width\":900,\"height\":1000},{\"@type\":\"BreadcrumbList\",\"@id\":\"https:\\\/\\\/roubloff-france.fr\\\/Roubloff\\\/produit\\\/aqua-wide-flat-50\\\/#breadcrumb\",\"itemListElement\":[{\"@type\":\"ListItem\",\"position\":1,\"name\":\"Accueil\",\"item\":\"https:\\\/\\\/roubloff-france.fr\\\/Roubloff\\\/\"},{\"@type\":\"ListItem\",\"position\":2,\"name\":\"Les pinceaux Roubloff \u00a9 :\",\"item\":\"https:\\\/\\\/roubloff-france.fr\\\/Roubloff\\\/\"},{\"@type\":\"ListItem\",\"position\":3,\"name\":\"Aqua wide flat &#8211; 50\"}]},{\"@type\":\"WebSite\",\"@id\":\"https:\\\/\\\/roubloff-france.fr\\\/Roubloff\\\/#website\",\"url\":\"https:\\\/\\\/roubloff-france.fr\\\/Roubloff\\\/\",\"name\":\"Roubloff France - pinceaux d'art\",\"description\":\"Les pinceaux d&#039;art pour les artistes, \u00e9coles d&#039;art, revendeurs\",\"publisher\":{\"@id\":\"https:\\\/\\\/roubloff-france.fr\\\/Roubloff\\\/#organization\"},\"potentialAction\":[{\"@type\":\"SearchAction\",\"target\":{\"@type\":\"EntryPoint\",\"urlTemplate\":\"https:\\\/\\\/roubloff-france.fr\\\/Roubloff\\\/?s={search_term_string}\"},\"query-input\":{\"@type\":\"PropertyValueSpecification\",\"valueRequired\":true,\"valueName\":\"search_term_string\"}}],\"inLanguage\":\"fr-FR\"},{\"@type\":\"Organization\",\"@id\":\"https:\\\/\\\/roubloff-france.fr\\\/Roubloff\\\/#organization\",\"name\":\"Roubloff France - pinceaux d'art\",\"url\":\"https:\\\/\\\/roubloff-france.fr\\\/Roubloff\\\/\",\"logo\":{\"@type\":\"ImageObject\",\"inLanguage\":\"fr-FR\",\"@id\":\"https:\\\/\\\/roubloff-france.fr\\\/Roubloff\\\/#\\\/schema\\\/logo\\\/image\\\/\",\"url\":\"https:\\\/\\\/roubloff-france.fr\\\/Roubloff\\\/wp-content\\\/uploads\\\/2022\\\/01\\\/cropped-Logo-Roubloff-Rouge-avec-filet-blanc-250-p.png\",\"contentUrl\":\"https:\\\/\\\/roubloff-france.fr\\\/Roubloff\\\/wp-content\\\/uploads\\\/2022\\\/01\\\/cropped-Logo-Roubloff-Rouge-avec-filet-blanc-250-p.png\",\"width\":261,\"height\":57,\"caption\":\"Roubloff France - pinceaux d'art\"},\"image\":{\"@id\":\"https:\\\/\\\/roubloff-france.fr\\\/Roubloff\\\/#\\\/schema\\\/logo\\\/image\\\/\"},\"sameAs\":[\"https:\\\/\\\/www.instagram.com\\\/roubloff_france\\\/\"]}]}<\/script>\n<!-- \/ Yoast SEO plugin. -->","yoast_head_json":{"title":"Aqua wide flat - 50 - Roubloff France - pinceaux d&#039;art","description":"Pinceau Roubloff \u00ab\u00a0Aqua wide flat\u00bb est en poils de ch\u00e8vre blanc de forme plate de 35 ou 50 mm avec manche court en plexiglas et d\u2019une virole en acier inoxydable.","robots":{"index":"index","follow":"follow","max-snippet":"max-snippet:-1","max-image-preview":"max-image-preview:large","max-video-preview":"max-video-preview:-1"},"canonical":"https:\/\/roubloff-france.fr\/Roubloff\/produit\/aqua-wide-flat-50\/","og_locale":"fr_FR","og_type":"article","og_title":"Aqua wide flat - 50 - Roubloff France - pinceaux d&#039;art","og_description":"Pinceau Roubloff \u00ab\u00a0Aqua wide flat\u00bb est en poils de ch\u00e8vre blanc de forme plate de 35 ou 50 mm avec manche court en plexiglas et d\u2019une virole en acier inoxydable.","og_url":"https:\/\/roubloff-france.fr\/Roubloff\/produit\/aqua-wide-flat-50\/","og_site_name":"Roubloff France - pinceaux d&#039;art","article_publisher":"https:\/\/www.instagram.com\/roubloff_france\/","article_modified_time":"2026-02-01T14:27:20+00:00","og_image":[{"width":900,"height":1000,"url":"http:\/\/roubloff-france.fr\/Roubloff\/wp-content\/uploads\/2021\/03\/Aqua-wide-flat-1.jpg","type":"image\/jpeg"}],"twitter_card":"summary_large_image","twitter_misc":{"Dur\u00e9e de lecture estim\u00e9e":"1 minute"},"schema":{"@context":"https:\/\/schema.org","@graph":[{"@type":"WebPage","@id":"https:\/\/roubloff-france.fr\/Roubloff\/produit\/aqua-wide-flat-50\/","url":"https:\/\/roubloff-france.fr\/Roubloff\/produit\/aqua-wide-flat-50\/","name":"Aqua wide flat - 50 - Roubloff France - pinceaux d&#039;art","isPartOf":{"@id":"https:\/\/roubloff-france.fr\/Roubloff\/#website"},"primaryImageOfPage":{"@id":"https:\/\/roubloff-france.fr\/Roubloff\/produit\/aqua-wide-flat-50\/#primaryimage"},"image":{"@id":"https:\/\/roubloff-france.fr\/Roubloff\/produit\/aqua-wide-flat-50\/#primaryimage"},"thumbnailUrl":"https:\/\/roubloff-france.fr\/Roubloff\/wp-content\/uploads\/2021\/03\/Aqua-wide-flat-1.jpg","datePublished":"2021-03-20T17:44:12+00:00","dateModified":"2026-02-01T14:27:20+00:00","description":"Pinceau Roubloff \u00ab\u00a0Aqua wide flat\u00bb est en poils de ch\u00e8vre blanc de forme plate de 35 ou 50 mm avec manche court en plexiglas et d\u2019une virole en acier inoxydable.","breadcrumb":{"@id":"https:\/\/roubloff-france.fr\/Roubloff\/produit\/aqua-wide-flat-50\/#breadcrumb"},"inLanguage":"fr-FR","potentialAction":[{"@type":"ReadAction","target":["https:\/\/roubloff-france.fr\/Roubloff\/produit\/aqua-wide-flat-50\/"]}]},{"@type":"ImageObject","inLanguage":"fr-FR","@id":"https:\/\/roubloff-france.fr\/Roubloff\/produit\/aqua-wide-flat-50\/#primaryimage","url":"https:\/\/roubloff-france.fr\/Roubloff\/wp-content\/uploads\/2021\/03\/Aqua-wide-flat-1.jpg","contentUrl":"https:\/\/roubloff-france.fr\/Roubloff\/wp-content\/uploads\/2021\/03\/Aqua-wide-flat-1.jpg","width":900,"height":1000},{"@type":"BreadcrumbList","@id":"https:\/\/roubloff-france.fr\/Roubloff\/produit\/aqua-wide-flat-50\/#breadcrumb","itemListElement":[{"@type":"ListItem","position":1,"name":"Accueil","item":"https:\/\/roubloff-france.fr\/Roubloff\/"},{"@type":"ListItem","position":2,"name":"Les pinceaux Roubloff \u00a9 :","item":"https:\/\/roubloff-france.fr\/Roubloff\/"},{"@type":"ListItem","position":3,"name":"Aqua wide flat &#8211; 50"}]},{"@type":"WebSite","@id":"https:\/\/roubloff-france.fr\/Roubloff\/#website","url":"https:\/\/roubloff-france.fr\/Roubloff\/","name":"Roubloff France - pinceaux d'art","description":"Les pinceaux d&#039;art pour les artistes, \u00e9coles d&#039;art, revendeurs","publisher":{"@id":"https:\/\/roubloff-france.fr\/Roubloff\/#organization"},"potentialAction":[{"@type":"SearchAction","target":{"@type":"EntryPoint","urlTemplate":"https:\/\/roubloff-france.fr\/Roubloff\/?s={search_term_string}"},"query-input":{"@type":"PropertyValueSpecification","valueRequired":true,"valueName":"search_term_string"}}],"inLanguage":"fr-FR"},{"@type":"Organization","@id":"https:\/\/roubloff-france.fr\/Roubloff\/#organization","name":"Roubloff France - pinceaux d'art","url":"https:\/\/roubloff-france.fr\/Roubloff\/","logo":{"@type":"ImageObject","inLanguage":"fr-FR","@id":"https:\/\/roubloff-france.fr\/Roubloff\/#\/schema\/logo\/image\/","url":"https:\/\/roubloff-france.fr\/Roubloff\/wp-content\/uploads\/2022\/01\/cropped-Logo-Roubloff-Rouge-avec-filet-blanc-250-p.png","contentUrl":"https:\/\/roubloff-france.fr\/Roubloff\/wp-content\/uploads\/2022\/01\/cropped-Logo-Roubloff-Rouge-avec-filet-blanc-250-p.png","width":261,"height":57,"caption":"Roubloff France - pinceaux d'art"},"image":{"@id":"https:\/\/roubloff-france.fr\/Roubloff\/#\/schema\/logo\/image\/"},"sameAs":["https:\/\/www.instagram.com\/roubloff_france\/"]}]}},"_links":{"self":[{"href":"https:\/\/roubloff-france.fr\/Roubloff\/wp-json\/wp\/v2\/product\/122","targetHints":{"allow":["GET"]}}],"collection":[{"href":"https:\/\/roubloff-france.fr\/Roubloff\/wp-json\/wp\/v2\/product"}],"about":[{"href":"https:\/\/roubloff-france.fr\/Roubloff\/wp-json\/wp\/v2\/types\/product"}],"wp:featuredmedia":[{"embeddable":true,"href":"https:\/\/roubloff-france.fr\/Roubloff\/wp-json\/wp\/v2\/media\/155"}],"wp:attachment":[{"href":"https:\/\/roubloff-france.fr\/Roubloff\/wp-json\/wp\/v2\/media?parent=122"}],"wp:term":[{"taxonomy":"product_brand","embeddable":true,"href":"https:\/\/roubloff-france.fr\/Roubloff\/wp-json\/wp\/v2\/product_brand?post=122"},{"taxonomy":"product_cat","embeddable":true,"href":"https:\/\/roubloff-france.fr\/Roubloff\/wp-json\/wp\/v2\/product_cat?post=122"},{"taxonomy":"product_tag","embeddable":true,"href":"https:\/\/roubloff-france.fr\/Roubloff\/wp-json\/wp\/v2\/product_tag?post=122"}],"curies":[{"name":"wp","href":"https:\/\/api.w.org\/{rel}","templated":true}]}}